Vremenska postaja Trnje pri Škofji Loki

 

46.0659 N| 13.5588 E| 812 m | Prikaži na zemljevidu

 

Vreme na kratko
28,3°C 58% 1010,6 mbar 13 km/h 29 km/h 0,0 mm
-0,4°C/h 2%/h 0,0 mbar/h SSE (158°) SSE (158°) 0,0 mm/h

24. 07. 2021 17:25:00 CEST

Vremenska statistika za 04-2021

Vremenska postaja:Vantage Pro2
Programska oprema:weewx v4.4.0
WeeWX aktiven:6 days, 8 hours, 58 minutes
Strežnik aktiven:76 days, 5 hours, 17 minutes
                   MONTHLY CLIMATOLOGICAL SUMMARY for apr 2021


NAME: Trnje pri Škofji Loki                  
ELEV: 395 m    LAT: 46-03.96 N    LONG: 013-33.49 E


                   TEMPERATURE (°C), RAIN (mm), WIND SPEED (km/h)

                                         HEAT   COOL         AVG
      MEAN                               DEG    DEG          WIND                   DOM
DAY   TEMP   HIGH   TIME    LOW   TIME   DAYS   DAYS   RAIN  SPEED   HIGH   TIME    DIR
---------------------------------------------------------------------------------------
 01   15,9   26,3  14:47    6,4  06:46    2,4    0,0    0,0    2,4   27,4  16:47    165
 02   10,3   12,7  00:01    8,7  06:50    8,0    0,0    0,0    0,9   11,3  04:20    225
 03    9,4   12,7  16:27    5,5  22:29    8,9    0,0    0,6    4,5   29,0  16:30     41
 04    6,1   11,9  16:57    0,4  05:22   12,3    0,0    0,0    2,6   29,0  13:27    124
 05    6,3   12,7  13:51   -1,5  05:59   12,1    0,0    0,0    6,5   48,3  14:54    211
 06    2,1    8,4  00:35   -3,5  23:58   16,3    0,0    6,8    1,9   29,0  06:33    181
 07   -0,8    5,6  17:41   -6,4  06:40   19,1    0,0    0,4    0,8   40,2  14:21     53
 08    3,6   12,0  16:20   -4,8  06:59   14,7    0,0    0,0    2,1   27,4  15:42    183
 09    6,3   13,4  15:54   -2,3  06:05   12,1    0,0    0,0    5,0   43,5  23:00    225
 10   10,3   15,7  15:47    3,0  06:12    8,0    0,0    0,0    7,7   41,8  16:25    234
 11    9,1   10,2  16:36    8,3  02:29    9,2    0,0    2,8    3,4   40,2  05:11    179
 12    9,4   11,0  10:38    5,0  23:57    9,0    0,0   20,6    1,3   35,4  22:26    312
 13    4,6    6,6  16:25    2,7  07:05   13,7    0,0    9,0    4,0   32,2  00:47    338
 14    4,9   10,6  13:35   -1,1  05:59   13,5    0,0    0,0    3,6   35,4  13:21    359
 15    4,8   10,6  13:43   -1,8  06:46   13,5    0,0    0,0    1,5   20,9  15:11    126
 16    7,0   14,1  16:47    0,3  05:58   11,3    0,0    0,0    2,0   20,9  11:55    125
 17    6,9   12,2  15:59    0,9  06:30   11,4    0,0    0,0    3,1   30,6  17:19    123
 18    7,2   10,8  16:27    3,4  06:01   11,2    0,0    0,0    1,6   19,3  14:15     95
 19    7,8   13,2  13:09    2,8  05:20   10,5    0,0    0,0    1,9   25,7  14:53    137
 20    8,9   16,1  15:02    3,1  06:33    9,4    0,0    0,0    2,3   24,1  13:59    163
 21    9,7   17,3  16:16    1,9  06:21    8,6    0,0    0,2    5,3   53,1  16:47    219
 22   11,3   18,7  15:03    3,8  06:32    7,0    0,0    0,6    3,5   35,4  12:40    192
 23   11,5   19,1  17:49    5,6  04:03    6,8    0,0    0,0    1,0   14,5  09:32     89
 24   11,9   20,7  16:45    3,2  05:57    6,4    0,0    0,0    1,6   22,5  14:21    115
 25   13,6   22,7  16:06    4,1  06:34    4,8    0,0    0,0    2,9   29,0  16:41    165
 26    9,5   12,9  00:04    7,3  06:45    8,9    0,0    0,2    2,4   19,3  02:16     80
 27    6,1    7,6  17:03    4,0  03:12   12,2    0,0    0,8    0,1    8,0  04:16    292
 28    9,5   14,2  16:26    6,3  05:15    8,8    0,0    0,0    0,2   11,3  13:45    131
 29   12,8   16,9  13:22    9,0  00:00    5,6    0,0    1,6    1,5   24,1  13:01    182
 30   15,1   20,1  15:01   11,4  05:59    3,2    0,0    2,8    3,3   35,4  14:27    180
---------------------------------------------------------------------------------------
       8,3   26,3     01   -6,4     07  298,8    0,0   46,4    2,7   53,1     21    186
    
Tropske noči (Tmin >= 20): 0
Vroči dnevi (Tmax >= 30): 0
Topli dnevi (Tmax >= 25): 1
Hladni dnevi (Tmin < 0): 7
Ledeni dnevi (Tmax < 0): 0