Vremenska postaja Trnje pri Škofji Loki

 

46.0659 N| 13.5588 E| 812 m | Prikaži na zemljevidu

 

Vreme na kratko
29,4°C 54% 1010,7 mbar 5 km/h 11 km/h 0,0 mm
1,6°C/h -7%/h -0,6 mbar/h SSE (158°) SSE (158°) 0,0 mm/h

24. 07. 2021 15:35:00 CEST

Vremenska statistika za 05-2021

Vremenska postaja:Vantage Pro2
Programska oprema:weewx v4.4.0
WeeWX aktiven:6 days, 7 hours, 8 minutes
Strežnik aktiven:76 days, 3 hours, 27 minutes
                   MONTHLY CLIMATOLOGICAL SUMMARY for maj 2021


NAME: Trnje pri Škofji Loki                  
ELEV: 395 m    LAT: 46-03.96 N    LONG: 013-33.49 E


                   TEMPERATURE (°C), RAIN (mm), WIND SPEED (km/h)

                                         HEAT   COOL         AVG
      MEAN                               DEG    DEG          WIND                   DOM
DAY   TEMP   HIGH   TIME    LOW   TIME   DAYS   DAYS   RAIN  SPEED   HIGH   TIME    DIR
---------------------------------------------------------------------------------------
 01   16,4   22,8  14:07   11,2  05:23    2,0    0,0    6,8    2,5   30,6  18:44    174
 02   12,4   17,2  14:01    6,6  00:00    5,9    0,0   23,6    5,3   40,2  03:07    250
 03    9,3   16,1  16:14    5,7  03:55    9,0    0,0   11,2    0,9   22,5  00:20    121
 04   11,2   18,7  16:29    3,0  06:01    7,1    0,0    0,0    3,7   35,4  13:53    232
 05   11,3   16,3  11:20    6,8  06:09    7,1    0,0   14,4    3,9   41,8  15:48    192
 06    5,4    7,2  00:00    1,6  08:54   12,9    0,0   16,4    0,7   17,7  00:29    344
 07    8,3   11,2  13:41    5,6  00:08   10,0    0,0   16,6    0,3   12,9  14:35     74
 08   11,0   18,1  17:55    5,5  02:22    7,3    0,0    0,0    0,7   20,9  14:08    109
 09   14,4   24,2  15:30    4,4  05:45    3,9    0,0    0,0    2,1   29,0  16:45    177
 10   16,7   24,3  14:44    8,4  05:32    1,6    0,0    0,0    3,5   35,4  14:56    215
 11   18,1   25,7  16:57    9,8  05:15    0,2    0,0    0,0    4,7   37,0  12:50    188
 12   13,6   16,7  00:01   11,4  23:49    4,8    0,0    9,6    1,0   27,4  00:36    228
 13   13,3   17,9  14:33    9,8  06:22    5,0    0,0    0,6    4,1   40,2  18:18    193
 14   12,8   15,8  15:40    9,7  05:34    5,6    0,0    0,4    0,7   16,1  22:37    172
 15   13,4   18,0  13:38    9,7  04:18    5,0    0,0    1,2    1,6   24,1  19:47    185
 16   14,0   19,2  13:23   10,6  04:09    4,3    0,0    6,4    3,2   30,6  17:44    158
 17   11,9   16,9  15:43    8,5  23:30    6,4    0,0   26,8    1,9   32,2  06:52    282
 18   12,7   20,8  18:01    5,6  05:05    5,6    0,0    7,8    1,2   16,1  18:38    261
 19    9,8   13,2  18:07    7,3  23:02    8,5    0,0   11,0    1,1   24,1  00:43    276
 20   13,1   21,0  15:24    6,9  05:56    5,2    0,0    5,6    3,2   37,0  15:01    276
 21   13,7   20,1  16:42    5,5  05:56    4,7    0,0    0,6    2,7   38,6  16:22    204
 22   13,8   16,9  17:09   10,5  01:32    4,6    0,0    0,2    2,4   41,8  08:34    196
 23   11,2   16,7  13:35    8,6  21:53    7,1    0,0    8,6    1,8   35,4  15:26    284
 24    9,5   11,1  17:00    6,9  02:28    8,8    0,0   15,6    0,2   14,5  20:05    159
 25   11,8   18,9  16:16    8,1  23:46    6,5    0,0    1,8    1,3   37,0  17:41    190
 26   13,0   20,8  18:03    6,1  03:03    5,3    0,0    0,0    1,2   19,3  15:03    143
 27   14,5   23,2  14:39    7,4  04:47    3,9    0,0    1,2    1,0   27,4  19:50     38
 28   14,3   22,7  16:03    7,3  05:24    4,0    0,0    0,2    0,6   14,5  13:32    117
 29   13,3   20,4  12:52    9,3  03:42    5,1    0,0   12,2    0,5   19,3  14:30     99
 30   13,4   19,3  14:29    6,6  04:40    4,9    0,0    0,0    1,5   25,7  19:04    124
 31   13,5   21,2  17:29    5,4  05:34    4,8    0,0    0,0    1,6   22,5  13:54    135
---------------------------------------------------------------------------------------
      12,6   25,7     11    1,6     06  177,2    0,0  198,8    2,0   41,8     05    195
    
Tropske noči (Tmin >= 20): 0
Vroči dnevi (Tmax >= 30): 0
Topli dnevi (Tmax >= 25): 1
Hladni dnevi (Tmin < 0): 0
Ledeni dnevi (Tmax < 0): 0