Vremenska postaja Trnje pri Škofji Loki

 

46.0659 N| 13.5588 E| 812 m | Prikaži na zemljevidu

 

Vreme na kratko
16,6°C 66% 1022,7 mbar 10 km/h 21 km/h 0,0 mm
2,6°C/h -13%/h -0,6 mbar/h SSW (202°) SSW (202°) 0,0 mm/h

20. 10. 2021 12:20:00 CEST

Vremenska statistika za 06-2021

Vremenska postaja:Vantage Pro2
Programska oprema:weewx v4.4.0
WeeWX aktiven:5 days, 23 hours, 40 minutes
Strežnik aktiven:55 days, 3 hours, 18 minutes
                   MONTHLY CLIMATOLOGICAL SUMMARY for jun 2021


NAME: Trnje pri Škofji Loki                  
ELEV: 395 m    LAT: 46-03.96 N    LONG: 013-33.49 E


                   TEMPERATURE (°C), RAIN (mm), WIND SPEED (km/h)

                                         HEAT   COOL         AVG
      MEAN                               DEG    DEG          WIND                   DOM
DAY   TEMP   HIGH   TIME    LOW   TIME   DAYS   DAYS   RAIN  SPEED   HIGH   TIME    DIR
---------------------------------------------------------------------------------------
 01   15,9   23,8  15:03    7,6  05:43    2,5    0,0    0,0    1,3   20,9  13:21    118
 02   17,3   24,5  17:07    9,0  05:47    1,1    0,0    0,0    2,3   30,6  14:20    184
 03   18,2   27,0  15:54    9,8  05:18    0,1    0,0    0,0    1,3   22,5  16:48    146
 04   20,1   27,6  14:46   11,9  05:12    0,0    1,7    0,0    1,5   32,2  16:30    166
 05   21,0   27,8  14:32   13,6  05:50    0,0    2,6    0,0    2,8   37,0  14:45    206
 06   18,4   21,7  16:40   16,1  23:57    0,0    0,0   11,4    0,6   22,5  20:42    195
 07   17,0   22,4  12:56   13,9  23:43    1,3    0,0   16,2    0,4   19,3  13:52    172
 08   19,2   26,3  15:37   13,4  03:52    0,0    0,9    0,6    0,8   14,5  11:28    176
 09   19,7   27,3  16:05   12,9  05:25    0,0    1,4    0,0    0,7   24,1  13:34    143
 10   19,0   25,7  14:44   14,9  00:00    0,0    0,6    0,8    1,3   20,9  14:46    122
 11   18,8   27,1  18:12   12,2  04:55    0,0    0,4    0,2    0,3   17,7  19:57    125
 12   21,0   27,8  17:19   13,9  05:34    0,0    2,7    0,0    1,3   20,9  17:58    171
 13   20,7   25,8  16:39   16,4  23:31    0,0    2,4    0,0    1,9   22,5  14:07    121
 14   17,7   23,8  16:05   10,7  06:09    0,7    0,0    0,0    1,3   19,3  12:26    119
 15   19,5   27,8  16:04   10,1  05:45    0,0    1,1    0,0    0,6   14,5  13:37    106
 16   22,5   29,9  16:31   14,8  05:37    0,0    4,2    0,0    1,2   22,5  14:38    112
 17   25,1   30,4  14:50   17,3  00:45    0,0    6,8    0,0    1,0   19,3  11:20    126
 18   23,0   29,2  14:55   15,9  05:24    0,0    4,6    0,0    2,6   30,6  14:11    193
 19   24,4   33,2  16:28   16,6  06:04    0,0    6,1    0,0    0,6   19,3  18:10    120
 20   25,3   31,4  13:27   18,7  05:50    0,0    7,0    0,0    3,3   32,2  15:05    191
 21   25,8   30,9  16:02   18,8  05:09    0,0    7,5    0,0    4,8   38,6  21:03    197
 22   24,8   31,1  14:54   17,6  05:35    0,0    6,5    0,0    4,0   33,8  15:33    184
 23   24,7   33,9  17:10   15,0  05:30    0,0    6,4    0,0    0,5   14,5  13:20    182
 24   25,9   32,3  14:06   18,8  05:53    0,0    7,6    0,0    3,3   35,4  14:51    175
 25   22,9   29,1  15:14   17,3  05:23    0,0    4,6    4,8    2,5   30,6  17:30    193
 26   22,2   30,6  17:32   15,1  03:14    0,0    3,9    0,0    0,5   20,9  14:51    117
 27   23,0   31,0  16:02   15,7  05:46    0,0    4,7    0,0    1,1   19,3  11:30    143
 28   25,0   34,1  17:16   16,2  05:51    0,0    6,7    0,0    1,9   22,5  13:12    146
 29   24,7   32,9  15:00   15,9  05:49    0,0    6,3    0,0    2,7   38,6  16:40    172
 30   23,3   29,8  16:43   15,6  23:17    0,0    5,0    0,2    4,6   43,5  15:25    171
---------------------------------------------------------------------------------------
      21,5   34,1     28    7,6     01    5,5  101,7   34,2    1,8   43,5     30    169
    
Tropske noči (Tmin >= 20): 0
Vroči dnevi (Tmax >= 30): 11
Topli dnevi (Tmax >= 25): 25
Hladni dnevi (Tmin < 0): 0
Ledeni dnevi (Tmax < 0): 0