Vremenska postaja Trnje pri Škofji Loki

 

46.0659 N| 13.5588 E| 812 m | Prikaži na zemljevidu

 

Vreme na kratko
16,6°C 66% 1022,7 mbar 10 km/h 21 km/h 0,0 mm
2,6°C/h -13%/h -0,6 mbar/h SSW (202°) SSW (202°) 0,0 mm/h

20. 10. 2021 12:20:00 CEST

Vremenska statistika za 07-2021

Vremenska postaja:Vantage Pro2
Programska oprema:weewx v4.4.0
WeeWX aktiven:6 days, 0 hours, 20 minutes
Strežnik aktiven:55 days, 3 hours, 59 minutes
                   MONTHLY CLIMATOLOGICAL SUMMARY for jul 2021


NAME: Trnje pri Škofji Loki                  
ELEV: 395 m    LAT: 46-03.96 N    LONG: 013-33.49 E


                   TEMPERATURE (°C), RAIN (mm), WIND SPEED (km/h)

                                         HEAT   COOL         AVG
      MEAN                               DEG    DEG          WIND                   DOM
DAY   TEMP   HIGH   TIME    LOW   TIME   DAYS   DAYS   RAIN  SPEED   HIGH   TIME    DIR
---------------------------------------------------------------------------------------
 01   17,7   22,9  18:21   13,4  05:39    0,6    0,0    0,6    0,9   27,4  12:46     81
 02   19,0   26,5  13:00   12,2  04:57    0,0    0,7    0,2    1,0   19,3  13:03    142
 03   21,5   29,4  16:11   12,8  05:29    0,0    3,2    0,0    2,7   38,6  15:52    164
 04   20,4   24,8  14:21   17,5  06:46    0,0    2,1    0,0    0,7   17,7  14:22    126
 05   20,7   26,1  14:20   15,8  05:02    0,0    2,4    2,8    1,8   22,5  12:20    139
 06   23,1   31,2  15:48   14,9  05:48    0,0    4,8    0,4    1,1   19,3  16:17    197
 07   24,8   32,3  14:36   16,7  05:06    0,0    6,5    0,2    2,9   33,8  16:51    174
 08   25,3   32,9  16:38   17,8  05:20    0,0    6,9    0,4    0,7   22,5  13:37    156
 09   24,8   29,3  17:41   19,8  23:20    0,0    6,5    0,0    3,7   30,6  06:37    181
 10   22,2   27,5  16:33   16,3  05:46    0,0    3,9    0,0    2,9   29,0  14:16    141
 11   22,3   29,7  16:15   16,5  06:26    0,0    4,0    0,0    1,9   29,0  18:20    143
 12   22,6   30,1  16:27   16,5  05:00    0,0    4,3    0,0    0,8   24,1  17:12    159
 13   23,4   31,6  13:47   17,1  05:37    0,0    5,1    4,8    1,6   29,0  23:48    156
 14   20,8   26,1  15:28   15,4  23:35    0,0    2,5   10,6    3,6   35,4  01:35    181
 15   19,5   25,6  16:03   12,6  05:43    0,0    1,2    0,0    2,0   24,1  14:39    184
 16   18,4   24,3  18:21   13,6  05:19    0,0    0,1    2,8    0,3   12,9  12:22    199
 17   22,1   24,0  06:12   17,1  00:19    0,0    3,7    0,8    3,3   32,2  02:49    343
 18   20,7   28,1  12:23   17,9  04:40    0,0    2,3   13,0    1,1   29,0  12:24     35
 19   22,6   30,1  15:49   16,8  03:11    0,0    4,3    0,0    0,5   17,7  11:59     42
 20   21,6   28,0  17:47   15,0  05:44    0,0    3,3    0,0    0,4   17,7  14:42    180
 21   21,9   27,3  16:12   17,8  00:45    0,0    3,6    0,0    0,9   17,7  14:59    120
 22   21,9   27,4  15:40   18,2  05:29    0,0    3,6    0,0    0,5   17,7  14:41    123
 23   22,7   29,1  15:29   17,4  05:19    0,0    4,4    0,0    1,0   24,1  16:13    127
 24   22,8   29,6  15:48   15,2  05:24    0,0    4,5    0,0    2,1   30,6  16:05    164
 25   24,0   30,6  14:11   17,1  05:59    0,0    5,6    0,0    3,0   33,8  14:14    165
 26   23,2   29,9  15:38   17,0  06:11    0,0    4,9    0,0    2,0   40,2  15:05    159
 27   22,5   29,3  17:00   17,9  05:30    0,0    4,2    0,8    0,6   30,6  20:55    183
 28   22,8   30,9  14:44   15,2  05:43    0,0    4,5    3,8    4,0   41,8  15:09    162
 29   22,6   30,2  15:36   15,6  06:10    0,0    4,3    0,2    0,4   16,1  15:38    104
 30   24,4   31,5  15:56   16,7  05:50    0,0    6,1    0,4    2,6   30,6  16:43    183
 31   21,9   29,0  16:18   16,3  10:57    0,0    3,6   11,0    0,8   61,2  10:31    165
---------------------------------------------------------------------------------------
      22,1   32,9     08   12,2     02    0,6  116,8   52,8    1,7   61,2     31    161
    
Tropske noči (Tmin >= 20): 0
Vroči dnevi (Tmax >= 30): 10
Topli dnevi (Tmax >= 25): 27
Hladni dnevi (Tmin < 0): 0
Ledeni dnevi (Tmax < 0): 0