Vremenska postaja Trnje pri Škofji Loki

 

46.0659 N| 13.5588 E| 812 m | Prikaži na zemljevidu

 

Vreme na kratko
7,3°C 96% 1024,2 mbar 0 km/h 0 km/h 0,0 mm
-0,4°C/h -1%/h -0,2 mbar/h N/A ( N/A) N/A ( N/A) 0,0 mm/h

23. 09. 2021 03:55:00 CEST

Vremenska statistika za 08-2021

Vremenska postaja:Vantage Pro2
Programska oprema:weewx v4.4.0
WeeWX aktiven:2 days, 6 hours, 27 minutes
Strežnik aktiven:27 days, 9 hours, 19 minutes
                   MONTHLY CLIMATOLOGICAL SUMMARY for avg 2021


NAME: Trnje pri Škofji Loki                  
ELEV: 395 m    LAT: 46-03.96 N    LONG: 013-33.49 E


                   TEMPERATURE (°C), RAIN (mm), WIND SPEED (km/h)

                                         HEAT   COOL         AVG
      MEAN                               DEG    DEG          WIND                   DOM
DAY   TEMP   HIGH   TIME    LOW   TIME   DAYS   DAYS   RAIN  SPEED   HIGH   TIME    DIR
---------------------------------------------------------------------------------------
 01   19,9   25,6  10:13   16,3  23:58    0,0    1,6   35,0    2,2   40,2  16:05    227
 02   17,4   22,7  17:15   14,2  04:23    0,9    0,0    3,2    0,4   11,3  05:57    152
 03   18,6   25,5  13:25   13,8  06:15    0,0    0,2    3,4    1,5   33,8  14:50    151
 04   19,4   24,4  17:40   16,1  00:45    0,0    1,0    2,8    0,4    9,7  05:40    193
 05   18,4   25,2  16:24   15,6  00:00    0,0    0,1   21,4    1,1   14,5  12:37    261
 06   19,7   27,2  17:23   13,2  05:54    0,0    1,3    0,0    1,4   24,1  18:49    196
 07   21,5   28,8  16:29   14,8  05:40    0,0    3,2    0,2    1,9   32,2  16:48    166
 08   22,5   28,6  14:58   17,6  06:42    0,0    4,2   17,2    2,0   41,8  20:49    169
 09   20,7   27,7  16:53   15,7  04:09    0,0    2,4    0,0    0,8   19,3  12:41    123
 10   22,1   29,8  15:55   15,6  05:28    0,0    3,8    0,2    0,6   11,3  08:17    115
 11   22,7   30,4  14:14   16,6  06:25    0,0    4,3    0,0    1,3   33,8  16:38    115
 12   23,5   31,7  16:59   16,4  06:18    0,0    5,2    0,0    0,1   11,3  13:49     98
 13   24,9   33,8  17:22   17,7  06:20    0,0    6,5    0,0    0,3   11,3  13:57    113
 14   25,5   34,3  15:52   18,9  06:16    0,0    7,1    0,0    0,8   17,7  18:20    131
 15   24,8   33,3  14:25   17,4  06:24    0,0    6,5    0,0    0,8   22,5  14:50    254
 16   24,6   31,8  14:43   19,0  06:40    0,0    6,3    0,0    1,3   24,1  17:22    205
 17   18,6   22,9  15:39   14,8  06:32    0,0    0,3   17,4    2,7   80,5  00:18    147
 18   18,4   25,1  16:58   14,0  02:20    0,0    0,0    0,0    0,6   11,3  09:19     75
 19   15,4   24,2  12:25   11,4  06:29    2,9    0,0    0,0    0,2    9,7  12:10     90
 20   22,5   28,1  17:37   14,6  07:08    0,0    4,1    0,0    1,0   17,7  15:01    102
 21   21,0   30,0  17:08   13,1  06:38    0,0    2,7    0,0    0,4   17,7  13:21    113
 22   21,7   29,5  15:47   14,5  06:13    0,0    3,3    0,0    0,8   17,7  16:19    164
 23   16,6   20,7  02:25   13,3  23:51    1,8    0,0   32,8    1,3   30,6  02:46    285
 24   17,3   24,8  16:50   12,0  07:06    1,0    0,0    1,4    1,1   22,5  17:06    121
 25   16,8   22,2  16:33   11,8  23:55    1,6    0,0    3,2    2,0   20,9  13:43    135
 26   16,1   23,6  16:20    9,3  06:15    2,3    0,0    3,8    2,0   29,0  15:25    177
 27   16,2   22,2  15:28   13,3  21:47    2,1    0,0    3,0    1,1   16,1  12:59    117
 28   14,7   20,1  16:19   11,9  23:41    3,6    0,0    2,4    0,7   19,3  18:38    110
 29   14,0   20,6  13:41   10,2  07:04    4,4    0,0    0,8    0,6   17,7  14:39    114
 30   14,4   20,4  14:09    9,1  03:14    3,9    0,0    0,2    1,1   27,4  14:35    188
 31   15,9   23,7  17:01    9,4  06:19    2,5    0,0    1,8    0,9   20,9  19:48    213
---------------------------------------------------------------------------------------
      19,6   34,3     14    9,1     30   26,9   64,2  150,2    1,1   80,5     17    156
    
Tropske noči (Tmin >= 20): 0
Vroči dnevi (Tmax >= 30): 7
Topli dnevi (Tmax >= 25): 18
Hladni dnevi (Tmin < 0): 0
Ledeni dnevi (Tmax < 0): 0