Vremenska postaja Trnje pri Škofji Loki

 

46.0659 N| 13.5588 E| 812 m | Prikaži na zemljevidu

 

Vreme na kratko
25,1°C 59% 1010,2 mbar 2 km/h 6 km/h 0,0 mm
-1,2°C/h 4%/h 0,9 mbar/h SW (225°) SW (225°) 0,0 mm/h

16. 08. 2022 21:10:00 CEST

Vremenska statistika za 09-2021

Vremenska postaja:Vantage Pro2
Programska oprema:weewx v4.4.0
WeeWX aktiven:0 days, 16 hours, 10 minutes
Strežnik aktiven:58 days, 0 hours, 48 minutes
                   MONTHLY CLIMATOLOGICAL SUMMARY for sep 2021


NAME: Trnje pri Škofji Loki                  
ELEV: 395 m    LAT: 46-03.96 N    LONG: 013-33.49 E


                   TEMPERATURE (°C), RAIN (mm), WIND SPEED (km/h)

                                         HEAT   COOL         AVG
      MEAN                               DEG    DEG          WIND                   DOM
DAY   TEMP   HIGH   TIME    LOW   TIME   DAYS   DAYS   RAIN  SPEED   HIGH   TIME    DIR
---------------------------------------------------------------------------------------
 01   16,8   25,7  17:20    9,9  06:21    1,5    0,0    0,2    1,0   17,7  14:55    126
 02   16,2   23,8  15:42    8,8  06:35    2,1    0,0    0,2    1,1   17,7  14:50    109
 03   17,3   24,8  16:01   11,0  06:35    1,0    0,0    0,0    0,7   14,5  11:39    124
 04   17,3   24,5  16:29   10,5  06:31    1,1    0,0    0,0    0,9   17,7  15:09    107
 05   17,8   25,9  16:15   10,7  06:24    0,6    0,0    0,2    1,7   20,9  12:38    122
 06   17,3   25,3  17:07   10,1  06:31    1,0    0,0    0,0    1,3   19,3  16:46    143
 07   16,7   24,2  15:02    9,8  06:47    1,6    0,0    0,0    1,0   19,3  13:19    122
 08   17,1   24,8  14:17   10,4  06:39    1,3    0,0    0,0    1,8   24,1  12:47    122
 09   16,5   25,0  17:00    8,6  07:05    1,9    0,0    0,0    0,6   12,9  11:27    135
 10   17,5   27,0  16:50    9,7  06:35    0,8    0,0    0,0    0,8   12,9  13:05    116
 11   18,2   27,4  17:03   10,3  06:45    0,2    0,0    0,0    0,7   14,5  15:59    121
 12   18,9   27,3  15:55   11,6  06:49    0,0    0,5    0,0    0,9   17,7  14:48    128
 13   19,2   28,4  16:24   11,6  06:54    0,0    0,9    0,0    0,1   11,3  16:50    135
 14   20,3   29,3  15:38   12,6  06:56    0,0    1,9    0,0    1,4   22,5  15:53    196
 15   20,6   28,2  13:42   12,7  07:05    0,0    2,2    0,0    3,3   33,8  22:05    229
 16   19,3   24,3  11:40   15,7  06:25    0,0    1,0    4,6    2,3   27,4  14:09    174
 17   17,5   20,3  16:17   15,1  23:53    0,8    0,0   16,6    1,5   33,8  00:08    138
 18   16,2   21,9  16:35   12,7  22:42    2,1    0,0    0,0    0,5   14,5  15:21    121
 19   14,7   19,6  16:50   11,1  04:04    3,6    0,0   11,0    0,1    9,7  19:30    122
 20   12,3   14,9  00:40   11,2  14:00    6,0    0,0   10,0    0,7   17,7  00:45     88
 21   13,5   17,9  16:03   10,3  07:36    4,8    0,0    0,0    1,0   17,7  12:20    119
 22   12,8   20,0  14:16    8,2  07:03    5,5    0,0    0,0    0,5   14,5  15:51    101
 23   13,4   21,1  16:17    6,0  06:58    4,9    0,0    0,2    1,4   20,9  18:36    165
 24   14,4   21,9  14:47    7,6  05:56    3,9    0,0    0,2    2,5   29,0  13:26    178
 25   15,4   22,7  14:09    8,7  06:46    2,9    0,0    0,2    2,6   32,2  15:00    182
 26   17,1   23,9  13:16   10,4  07:19    1,2    0,0    0,0    2,6   37,0  14:45    190
 27   18,5   24,0  15:08   15,2  23:29    0,0    0,2    4,4    0,3    9,7  11:55    112
 28   15,0   15,3  00:01   14,7  01:02    3,4    0,0    0,0    0,0    0,0  00:01    N/A
 29
 30
---------------------------------------------------------------------------------------
      16,8   29,3     14    6,0     23   52,3    6,8   47,8    1,2   37,0     26    151
    
Tropske noči (Tmin >= 20): 0
Vroči dnevi (Tmax >= 30): 0
Topli dnevi (Tmax >= 25): 10
Hladni dnevi (Tmin < 0): 0
Ledeni dnevi (Tmax < 0): 0