Vremenska postaja Trnje pri Škofji Loki

 

46.0659 N| 13.5588 E| 812 m | Prikaži na zemljevidu

 

Vreme na kratko
2,1°C 97% 1030,0 mbar 5 km/h 10 km/h 0,0 mm
-0,2°C/h 0%/h -0,1 mbar/h S (180°) S (180°) 0,0 mm/h

25. 10. 2021 02:25:00 CEST

Vremenska statistika za 10-2021

Vremenska postaja:Vantage Pro2
Programska oprema:weewx v4.4.0
WeeWX aktiven:4 days, 3 hours, 11 minutes
Strežnik aktiven:59 days, 7 hours, 49 minutes
                   MONTHLY CLIMATOLOGICAL SUMMARY for okt 2021


NAME: Trnje pri Škofji Loki                  
ELEV: 395 m    LAT: 46-03.96 N    LONG: 013-33.49 E


                   TEMPERATURE (°C), RAIN (mm), WIND SPEED (km/h)

                                         HEAT   COOL         AVG
      MEAN                               DEG    DEG          WIND                   DOM
DAY   TEMP   HIGH   TIME    LOW   TIME   DAYS   DAYS   RAIN  SPEED   HIGH   TIME    DIR
---------------------------------------------------------------------------------------
 01   12,7   18,3  15:55    7,4  07:15    5,6    0,0    0,2    1,1   17,7  16:30    125
 02   13,7   18,0  15:06   10,3  23:23    4,6    0,0    0,0    0,5   12,9  13:31    135
 03   14,6   20,2  15:48    9,4  06:56    3,8    0,0    0,2    4,0   33,8  13:38    177
 04   16,9   20,1  15:53   14,0  23:51    1,5    0,0    2,2    0,5   14,5  00:23    177
 05   15,6   20,9  15:02   12,8  03:01    2,8    0,0    3,6    1,1   20,9  15:10    149
 06   12,2   14,2  00:01    9,8  19:19    6,1    0,0   33,4    3,4   27,4  14:46    288
 07   11,5   13,3  15:40   10,1  00:54    6,8    0,0    2,2    5,8   41,8  04:22    351
 08   11,5   13,0  15:21   10,1  23:41    6,8    0,0    0,0    0,7   12,9  16:38     84
 09   10,3   15,3  15:08    5,0  23:59    8,0    0,0    0,0    2,9   35,4  15:35    104
 10    6,6   10,0  13:10    3,2  04:08   11,7    0,0    1,4    1,0   17,7  14:09    159
 11    8,8   15,4  16:33    5,8  22:58    9,5    0,0    0,0    0,7   12,9  14:35    111
 12    6,7   11,6  16:48    3,4  05:27   11,6    0,0    0,4    0,3   11,3  00:04    153
 13    7,3   15,0  15:05    3,0  03:56   11,1    0,0    0,2    1,6   20,9  13:22     80
 14    2,7    6,6  10:00    0,1  07:25   15,7    0,0    0,0    0,7   11,3  00:45    197
 15    7,1   14,9  15:43    1,4  07:10   11,3    0,0    0,2    1,5   19,3  16:36    152
 16    8,2   16,1  16:19    1,8  07:44   10,1    0,0    0,2    0,9   12,9  14:23    135
 17    8,7   16,4  16:11    4,6  05:30    9,6    0,0    0,2    0,6   11,3  02:21    135
 18    8,0   16,4  16:05    1,9  07:29   10,3    0,0    0,2    0,7    9,7  09:10    135
 19    9,1   13,8  15:54    4,4  07:10    9,3    0,0    0,0    0,4   14,5  11:59    135
 20   12,0   16,9  12:50    5,9  07:51    6,4    0,0    0,0    6,5   46,7  15:15    221
 21   13,7   15,0  05:36   12,3  10:23    4,7    0,0    9,2    2,2   35,4  20:46    194
 22   13,2   14,7  15:48   11,9  23:38    5,1    0,0    6,2    0,5   17,7  00:44     97
 23    9,6   12,3  10:33    3,8  23:50    8,8    0,0    0,2    1,0   24,1  11:11    107
 24    6,6   13,7  15:58    2,7  23:53   11,7    0,0    0,2    1,6   20,9  12:37    148
 25    2,4    2,8  00:09    2,1  01:55   15,9    0,0    0,0    3,2    9,7  00:05    172
 26
 27
 28
 29
 30
 31
---------------------------------------------------------------------------------------
      10,3   20,9     05    0,1     14  208,8    0,0   60,4    1,7   46,7     20    164
    
Tropske noči (Tmin >= 20): 0
Vroči dnevi (Tmax >= 30): 0
Topli dnevi (Tmax >= 25): 0
Hladni dnevi (Tmin < 0): 0
Ledeni dnevi (Tmax < 0): 0