Vremenska postaja Trnje pri Škofji Loki

 

46.0659 N| 13.5588 E| 812 m | Prikaži na zemljevidu

 

Vreme na kratko
1,6°C 98% 1000,9 mbar 0 km/h 0 km/h 2,8 mm
0,7°C/h -1%/h 0,7 mbar/h N/A ( N/A) N/A ( N/A) 0,0 mm/h

29. 11. 2021 09:55:00 CET

Vremenska statistika za 11-2021

Vremenska postaja:Vantage Pro2
Programska oprema:weewx v4.4.0
WeeWX aktiven:2 days, 12 hours, 9 minutes
Strežnik aktiven:94 days, 16 hours, 19 minutes
                   MONTHLY CLIMATOLOGICAL SUMMARY for nov 2021


NAME: Trnje pri Škofji Loki                  
ELEV: 395 m    LAT: 46-03.96 N    LONG: 013-33.49 E


                   TEMPERATURE (°C), RAIN (mm), WIND SPEED (km/h)

                                         HEAT   COOL         AVG
      MEAN                               DEG    DEG          WIND                   DOM
DAY   TEMP   HIGH   TIME    LOW   TIME   DAYS   DAYS   RAIN  SPEED   HIGH   TIME    DIR
---------------------------------------------------------------------------------------
 01    7,9   10,2  22:08    4,4  02:12   10,4    0,0   15,4    0,7   16,1  06:04    204
 02    9,1   12,3  12:19    7,6  19:03    9,2    0,0    8,4    1,2   22,5  00:57    241
 03    8,0    8,2  01:15    7,8  00:10   10,4    0,0    1,6    0,2    8,0  00:50    135
 04    7,3    9,5  22:40    6,2  23:48   11,0    0,0    0,0    2,1   16,1  22:31    226
 05    6,7    8,7  15:02    4,8  05:23   11,7    0,0    1,0    0,1    6,4  00:06    202
 06    7,8   10,6  12:18    5,3  05:42   10,6    0,0    0,0    0,8   17,7  12:23     71
 07    7,7   12,1  14:28    5,8  20:22   10,6    0,0    1,0    0,5   11,3  10:56     88
 08    6,8    7,6  05:06    4,8  23:48   11,5    0,0    8,4    0,9   20,9  06:16    113
 09    6,2    9,8  14:08    3,1  23:34   12,1    0,0    2,6    0,5    9,7  13:06     55
 10    5,1   10,8  14:45    1,6  07:00   13,2    0,0    0,4    1,8   11,3  00:57    128
 11
 12    5,3    5,3  20:36    5,1  23:32   13,1    0,0    0,0    0,0    3,2  20:36    135
 13    7,4   11,1  14:39    4,6  04:53   10,9    0,0    0,2    0,2    8,0  04:04    135
 14    7,6    8,8  01:57    6,8  23:20   10,7    0,0    1,0    0,5   11,3  04:31    113
 15    7,5   10,2  15:08    6,3  06:41   10,8    0,0    0,6    0,6   12,9  23:41     90
 16    7,1    9,3  14:21    5,4  07:42   11,2    0,0    0,0    1,0   14,5  12:18     94
 17    6,9    8,7  12:55    5,4  04:56   11,4    0,0    0,0    0,1    9,7  13:17     90
 18    6,8    8,9  14:55    3,7  00:00   11,5    0,0    0,2    0,1    6,4  00:00     90
 19    2,7    3,7  00:05    1,6  04:15   15,7    0,0    0,2    0,1    6,4  01:35     90
 20    2,8    7,9  14:47    0,5  23:49   15,6    0,0    0,2    0,1    9,7  01:30     90
 21    3,2    9,4  14:56    0,3  01:20   15,1    0,0    0,0    1,6   37,0  15:33    216
 22    5,3    6,6  10:53    4,0  01:33   13,0    0,0    1,2    0,2    8,0  10:42    315
 23    4,0    9,0  13:08   -0,9  00:00   14,3    0,0    1,0    1,0    9,7  11:07     10
 24   -0,3    5,7  14:13   -3,0  07:32   18,7    0,0    0,2    0,9    8,0  00:37     23
 25    0,6    2,7  14:45   -1,9  06:42   17,7    0,0    1,2    0,2    6,4  00:21     23
 26    3,2    4,8  14:55    1,7  22:52   15,1    0,0   16,4    0,1    4,8  18:20     22
 27    1,5    2,3  23:49    0,7  05:36   16,8    0,0   17,4    0,7   11,3  14:36    311
 28    1,9    3,4  16:28    0,6  23:43   16,4    0,0   22,2    1,2   16,1  07:35    265
 29    0,8    1,7  09:48    0,6  00:20   17,6    0,0    2,8    0,0    1,6  09:07    N/A
 30
---------------------------------------------------------------------------------------
       5,2   12,3     02   -3,0     24  366,4    0,0  103,6    0,6   37,0     21     95
    
Tropske noči (Tmin >= 20): 0
Vroči dnevi (Tmax >= 30): 0
Topli dnevi (Tmax >= 25): 0
Hladni dnevi (Tmin < 0): 3
Ledeni dnevi (Tmax < 0): 0