Vremenska postaja Trnje pri Škofji Loki

 

46.0659 N| 13.5588 E| 812 m | Prikaži na zemljevidu

 

Vreme na kratko
9,1°C 59% 1020,9 mbar 11 km/h 26 km/h 0,0 mm
1,6°C/h -5%/h -1,0 mbar/h WSW (248°) WSW (248°) 0,0 mm/h

03. 02. 2023 15:20:00 CET

Vremenska statistika za 12-2021

Vremenska postaja:Vantage Pro2
Programska oprema:weewx v4.4.0
WeeWX aktiven:2 days, 10 hours, 20 minutes
Strežnik aktiven:228 days, 19 hours, 58 minutes
                   MONTHLY CLIMATOLOGICAL SUMMARY for dec 2021


NAME: Trnje pri Škofji Loki                  
ELEV: 395 m    LAT: 46-03.96 N    LONG: 013-33.49 E


                   TEMPERATURE (°C), RAIN (mm), WIND SPEED (km/h)

                                         HEAT   COOL         AVG
      MEAN                               DEG    DEG          WIND                   DOM
DAY   TEMP   HIGH   TIME    LOW   TIME   DAYS   DAYS   RAIN  SPEED   HIGH   TIME    DIR
---------------------------------------------------------------------------------------
 01    1,3    6,6  19:12   -3,0  03:15   17,0    0,0    3,4    1,5   29,0  18:48    204
 02    2,7    3,9  00:01    0,7  21:31   15,6    0,0   17,4    0,8    9,7  02:20    203
 03    1,6    4,6  11:45    0,2  23:54   16,7    0,0    3,2    0,3    9,7  14:18     51
 04    0,3    1,7  22:02   -0,9  06:29   18,1    0,0    0,6    0,6   16,1  15:36    283
 05    1,0    1,8  00:40    0,6  17:41   17,3    0,0   12,2    0,1    4,8  01:16    225
 06    0,2    0,8  01:59   -1,4  23:24   18,1    0,0    3,4    0,2    6,4  10:59    225
 07   -1,4    1,3  12:39   -2,7  06:17   19,8    0,0    0,6    0,7    9,7  12:49    273
 08   -2,2    0,4  23:23   -3,9  07:54   20,5    0,0    0,0    0,8    8,0  01:39    315
 09    0,6    1,3  12:48    0,0  22:18   17,7    0,0    0,0    0,0    4,8  11:30    315
 10   -0,5    1,7  14:28   -2,3  05:27   18,8    0,0    1,2    0,0    3,2  05:36    315
 11   -0,9    2,4  13:48   -4,7  00:00   19,2    0,0    1,8    0,1    6,4  12:21    315
 12   -3,6   -1,3  08:16   -5,8  06:48   21,9    0,0    2,0    0,3   16,1  17:12     25
 13   -0,8    2,0  14:02   -3,1  00:01   19,2    0,0    2,4    0,0    6,4  17:32      0
 14   -3,6    0,6  22:55   -5,7  07:37   21,9    0,0    0,0    0,0    3,2  01:59    N/A
 15    1,2    2,2  13:16    0,0  02:32   17,1    0,0    3,2    0,1    6,4  13:40      0
 16    1,2    3,6  13:52   -0,6  23:50   17,1    0,0    2,6    0,2    8,0  17:43    327
 17   -0,9    0,2  13:04   -1,9  22:32   19,2    0,0    0,8    0,4    8,0  05:57    315
 18   -1,9   -0,5  13:26   -3,1  22:47   20,2    0,0    0,2    0,2    9,7  18:57    315
 19   -2,2    1,4  13:32   -5,3  07:59   20,5    0,0    0,6    0,5   14,5  19:10    316
 20   -1,0    4,0  14:40   -4,1  00:27   19,4    0,0    0,2    0,6    8,0  01:37    341
 21   -0,3    1,7  13:10   -2,3  23:58   18,6    0,0    0,0    0,0    6,4  15:35    315
 22   -0,8    1,0  14:18   -2,3  00:00   19,1    0,0    0,0    0,0    4,8  01:03    315
 23   -1,1    0,7  13:55   -3,6  07:52   19,4    0,0    0,0    0,4   11,3  17:05    315
 24    1,2    3,9  14:29   -1,7  04:24   17,2    0,0    0,0    1,0   29,0  13:17    346
 25    2,6    4,4  17:52    0,4  02:49   15,8    0,0    0,2    0,5    8,0  00:07    270
 26    2,9    4,0  03:48    1,8  22:52   15,5    0,0    4,8    0,2    8,0  07:47    270
 27    1,5    1,9  00:35    1,3  07:20   16,8    0,0    0,0    0,0    4,8  04:20    270
 28    4,0    4,3  23:03    3,6  23:59   14,4    0,0    0,0    1,1    8,0  23:04    270
 29    1,9    3,7  00:01    0,3  09:12   16,5    0,0    0,2    1,0   11,3  05:06    249
 30    2,3    5,4  15:13    0,1  08:05   16,0    0,0    0,2    0,3    9,7  17:38    247
 31    1,6    7,7  14:57   -1,4  06:42   16,7    0,0    0,2    0,2    6,4  00:57    247
---------------------------------------------------------------------------------------
       0,2    7,7     31   -5,8     12  561,3    0,0   61,4    0,4   29,0     01    276
    
Tropske noči (Tmin >= 20): 0
Vroči dnevi (Tmax >= 30): 0
Topli dnevi (Tmax >= 25): 0
Hladni dnevi (Tmin < 0): 20
Ledeni dnevi (Tmax < 0): 2