Vremenska postaja Trnje pri Škofji Loki

 

46.0659 N| 13.5588 E| 812 m | Prikaži na zemljevidu

 

Vreme na kratko
16,6°C 66% 1022,7 mbar 10 km/h 21 km/h 0,0 mm
2,6°C/h -13%/h -0,6 mbar/h SSW (202°) SSW (202°) 0,0 mm/h

20. 10. 2021 12:20:00 CEST

Vremenska statistika za 2021

Vremenska postaja:Vantage Pro2
Programska oprema:weewx v4.4.0
WeeWX aktiven:5 days, 23 hours, 35 minutes
Strežnik aktiven:55 days, 3 hours, 14 minutes
                     CLIMATOLOGICAL SUMMARY for year 2021


NAME: Trnje pri Škofji Loki                  
ELEV: 395 m    LAT: 46-03.96 N    LONG: 013-33.49 E


                                       TEMPERATURE (°C)

                              HEAT    COOL                             Tropske Vroci  Topli  Hladni  Ledeni
          MEAN   MEAN         DEG     DEG                                >=     >=     >=      <       < 
 YR  MO   MAX    MIN    MEAN  DAYS    DAYS      HI  DAY     LOW  DAY     20     30     25      0       0
---------------------------------------------------------------------------------------------------------
2021 01
2021 02
2021 03   18,5    4,5   11,3   36,2    0,0    24,9   31     2,3   29      0      0      0      0      0
2021 04   13,9    2,9    8,3  298,8    0,0    26,3   01    -6,4   07      0      0      1      7      0
2021 05   18,5    7,4   12,6  177,2    0,0    25,7   11     1,6   06      0      0      1      0      0
2021 06   28,6   14,5   21,5    5,5  101,7    34,1   28     7,6   01      0     11     25      0      0
2021 07   28,6   16,1   22,1    0,6  116,8    32,9   08    12,2   02      0     10     27      0      0
2021 08   26,4   14,2   19,6   26,9   64,2    34,3   14     9,1   30      0      7     18      0      0
2021 09   23,7   10,9   16,7   55,2    6,8    29,3   14     6,0   23      0      0     11      0      0
2021 10   15,3    6,2   10,2  165,4    0,0    20,9   05     0,1   14      0      0      0      0      0
2021 11
2021 12
------------------------------------------------------------------------------------------------
          22,4   10,4   16,1  765,8  289,5    34,3  avg    -6,4  apr      0     28     83      7      0


                  PRECIPITATION (mm)

                  MAX         ---DAYS OF RAIN---
                  OBS.               OVER
 YR  MO  TOTAL    DAY  DATE   0.20   2.00  20.00
------------------------------------------------
2021 01
2021 02
2021 03    0,5    0,5    28      1      0      0
2021 04   46,4   20,6    12     10      5      1
2021 05  198,8   26,8    17     21     15      2
2021 06   34,2   16,2    07      5      3      0
2021 07   52,8   13,0    18     13      7      0
2021 08  150,2   35,0    01     15     12      3
2021 09   56,2   16,6    17      7      6      0
2021 10   44,6   33,4    06      6      4      1
2021 11
2021 12
------------------------------------------------
         583,7   35,0   avg     78     52      7


           WIND SPEED (km/h)

                                DOM
 YR  MO    AVG     HI   DATE    DIR
-----------------------------------
2021 01
2021 02
2021 03    1,1   27,4     27    167 
2021 04    2,7   53,1     21    186 
2021 05    2,0   41,8     05    195 
2021 06    1,8   43,5     30    169 
2021 07    1,7   61,2     31    161 
2021 08    1,1   80,5     17    156 
2021 09    1,1   37,0     26    150 
2021 10    1,5   41,8     07    129 
2021 11
2021 12
-----------------------------------
           1,7   80,5    avg    169