Vremenska postaja Trnje pri Škofji Loki

 

46.0659 N| 13.5588 E| 812 m | Prikaži na zemljevidu

 

Vreme na kratko
8,1°C 62% 1021,5 mbar 3 km/h 13 km/h 0,0 mm
0,9°C/h -4%/h -1,3 mbar/h E (90°) E (90°) 0,0 mm/h

03. 02. 2023 14:50:00 CET

Vremenska statistika za 01-2022

Vremenska postaja:Vantage Pro2
Programska oprema:weewx v4.4.0
WeeWX aktiven:2 days, 9 hours, 50 minutes
Strežnik aktiven:228 days, 19 hours, 28 minutes
                   MONTHLY CLIMATOLOGICAL SUMMARY for jan 2022


NAME: Trnje pri Škofji Loki                  
ELEV: 395 m    LAT: 46-03.96 N    LONG: 013-33.49 E


                   TEMPERATURE (°C), RAIN (mm), WIND SPEED (km/h)

                                         HEAT   COOL         AVG
      MEAN                               DEG    DEG          WIND                   DOM
DAY   TEMP   HIGH   TIME    LOW   TIME   DAYS   DAYS   RAIN  SPEED   HIGH   TIME    DIR
---------------------------------------------------------------------------------------
 01    2,7    9,6  14:28   -1,1  05:24   15,6    0,0    0,2    0,4    8,0  01:18    247
 02    2,8    9,1  14:27   -1,4  07:53   15,5    0,0    0,2    0,3    8,0  16:02    247
 03    3,5    6,6  14:40    0,8  07:43   14,8    0,0    0,2    0,6   11,3  02:40    247
 04    7,9    8,8  12:06    7,1  09:53   10,4    0,0    1,2    2,9   30,6  08:44    169
 05    7,6   11,8  13:49    1,5  21:41   10,7    0,0   14,6    5,3   45,1  08:08    198
 06    1,1    4,8  13:40   -1,8  23:57   17,2    0,0    4,2    0,4   11,3  20:37    124
 07   -2,5    2,3  14:13   -5,4  23:47   20,8    0,0    0,2    0,3    8,0  13:33    187
 08   -3,8    1,0  14:28   -6,9  07:38   22,1    0,0    0,2    0,2    9,7  00:19    180
 09   -3,0   -1,1  16:14   -5,5  03:01   21,4    0,0    0,0    0,2    9,7  15:54    180
 10    0,5    6,2  14:58   -2,6  08:23   17,8    0,0    0,0    0,3    9,7  13:49    180
 11   -0,6    4,0  14:46   -3,6  07:51   18,9    0,0    0,2    1,3   16,1  16:29     33
 12   -2,7    2,1  15:11   -6,0  07:33   21,1    0,0    0,0    0,8   11,3  12:44     35
 13   -3,0    3,6  15:07   -7,7  07:39   21,4    0,0    0,0    1,0    9,7  09:01     45
 14    0,0    7,8  14:52   -5,2  07:41   18,3    0,0    0,2    0,5    9,7  17:37     45
 15    1,4    7,3  14:00   -2,4  05:21   16,9    0,0    0,0    0,5    9,7  01:05     45
 16   -0,1    4,0  14:57   -3,3  09:14   18,4    0,0    0,2    0,3    8,0  17:09     45
 17    0,2    7,2  15:16   -4,1  07:42   18,1    0,0    0,2    0,9    9,7  01:39     60
 18    1,1    7,5  14:17   -2,4  04:49   17,2    0,0    0,2    1,2   14,5  01:07    130
 19   -1,8    2,8  15:18   -4,9  07:48   20,1    0,0    0,0    0,3    9,7  02:03    135
 20    0,8    7,3  14:16   -2,8  06:44   17,5    0,0    0,2    1,2   30,6  02:35    243
 21   -0,2    4,4  14:08   -4,2  23:18   18,5    0,0    0,0    1,0   20,9  11:56    148
 22    0,2    8,6  14:16   -6,5  07:39   18,1    0,0    0,2    2,0   30,6  12:00    157
 23    0,8    5,1  13:07   -2,8  07:57   17,5    0,0    0,0    1,0   12,9  13:11    155
 24   -0,4    0,7  12:43   -2,4  06:02   18,7    0,0    0,0    0,6    8,0  02:02    189
 25    1,4    7,0  15:00   -1,4  07:42   16,9    0,0    0,0    0,5    9,7  09:34    135
 26
 27    0,3    2,9  14:14   -4,3  07:54   18,0    0,0    0,0    0,3    8,0  19:34     22
 28    2,8   10,9  14:38   -3,2  07:59   15,6    0,0    0,2    2,6   30,6  14:02    348
 29    1,7    7,9  13:59   -2,4  07:09   16,6    0,0    0,0    1,8   22,5  18:22    211
 30    2,4   11,9  15:00   -2,9  05:36   15,9    0,0    0,0    1,2   19,3  20:44    218
 31   -0,3    1,4  13:57   -2,2  02:12   18,6    0,0    1,4    1,2   12,9  12:35    235
---------------------------------------------------------------------------------------
       0,6   11,9     30   -7,7     13  528,9    0,0   24,0    1,0   45,1     05    175
    
Tropske noči (Tmin >= 20): 0
Vroči dnevi (Tmax >= 30): 0
Topli dnevi (Tmax >= 25): 0
Hladni dnevi (Tmin < 0): 27
Ledeni dnevi (Tmax < 0): 1