Vremenska postaja Trnje pri Škofji Loki

 

46.0659 N| 13.5588 E| 812 m | Prikaži na zemljevidu

 

Vreme na kratko
9,1°C 59% 1020,8 mbar 13 km/h 24 km/h 0,0 mm
1,6°C/h -6%/h -1,0 mbar/h SSW (202°) SSW (202°) 0,0 mm/h

03. 02. 2023 15:30:00 CET

Vremenska statistika za 02-2022

Vremenska postaja:Vantage Pro2
Programska oprema:weewx v4.4.0
WeeWX aktiven:2 days, 10 hours, 30 minutes
Strežnik aktiven:228 days, 20 hours, 8 minutes
                   MONTHLY CLIMATOLOGICAL SUMMARY for feb 2022


NAME: Trnje pri Škofji Loki                  
ELEV: 395 m    LAT: 46-03.96 N    LONG: 013-33.49 E


                   TEMPERATURE (°C), RAIN (mm), WIND SPEED (km/h)

                                         HEAT   COOL         AVG
      MEAN                               DEG    DEG          WIND                   DOM
DAY   TEMP   HIGH   TIME    LOW   TIME   DAYS   DAYS   RAIN  SPEED   HIGH   TIME    DIR
---------------------------------------------------------------------------------------
 01    0,9    4,8  14:47   -2,0  23:48   17,5    0,0    0,0    2,0   16,1  12:53     13
 02    3,7   11,5  14:37   -2,3  04:03   14,6    0,0    0,2    4,3   38,6  19:37      4
 03    2,9    8,3  14:42   -1,6  07:13   15,4    0,0    0,0    0,9   12,9  02:52    211
 04    4,5   11,6  13:08    0,2  07:26   13,8    0,0    0,0    2,8   30,6  13:26    202
 05    5,4   12,2  14:38   -0,3  07:20   12,9    0,0    0,0    1,7   22,5  17:07    176
 06    4,2    8,0  15:07   -1,6  07:20   14,2    0,0    0,0    2,8   40,2  16:05    255
 07    6,9    9,6  10:41    2,2  23:41   11,5    0,0    1,0    5,1   45,1  10:43    320
 08    5,1   12,2  13:48   -0,7  07:28   13,2    0,0    0,0    4,4   25,7  12:45    214
 09    4,9   14,7  15:40   -0,8  07:30   13,4    0,0    0,0    1,2   14,5  04:49    197
 10    3,9   10,9  12:53   -2,1  07:18   14,4    0,0    0,0    4,0   40,2  14:28    211
 11    5,1   12,7  13:57   -0,8  07:03   13,3    0,0    0,0    2,7   33,8  14:29    244
 12    2,9    8,1  11:25   -2,0  23:47   15,4    0,0    0,0    3,0   25,7  13:44    124
 13    1,2    8,0  15:09   -3,3  03:20   17,1    0,0    0,0    1,5   12,9  05:07    121
 14    1,9    8,3  12:38   -4,7  05:17   16,4    0,0    0,2    4,0   29,0  22:06    159
 15    4,4    5,8  14:25    2,2  22:59   13,9    0,0   18,2    1,0   11,3  19:19    263
 16    3,0    5,0  15:37    0,8  07:02   15,3    0,0    0,0    1,0   11,3  09:17    247
 17    4,8    8,8  15:29    1,0  07:09   13,5    0,0    0,2    8,4   57,9  13:27    227
 18    6,7   12,8  14:18   -0,6  06:32   11,6    0,0    0,2    3,6   38,6  19:20    232
 19    7,9   10,4  02:06    4,7  23:00   10,5    0,0    9,4    1,7   37,0  03:01    245
 20    5,6    8,1  15:28    3,2  23:43   12,7    0,0    0,0    0,1    8,0  01:16    135
 21    4,6    8,8  06:58    1,3  23:58   13,8    0,0    5,6    2,5   33,8  06:19    251
 22    3,7   11,8  16:13   -1,1  06:02   14,6    0,0    0,2    3,4   45,1  13:27    348
 23    5,1   15,1  15:39   -1,1  04:57   13,3    0,0    0,0    1,4   11,3  01:07    182
 24    6,7   14,6  13:47   -1,3  06:47   11,6    0,0    0,0    3,7   30,6  13:57    210
 25    3,7    9,8  10:39   -0,3  06:07   14,6    0,0    6,0    2,3   19,3  14:13    200
 26    3,2    9,1  13:35   -0,7  06:31   15,1    0,0    0,2    2,8   29,0  13:05    104
 27    4,3    8,3  13:31    0,4  00:00   14,0    0,0    0,0    4,0   32,2  09:43     17
 28    1,7    7,9  14:03   -3,1  06:46   16,6    0,0    0,0    4,5   38,6  15:31    106
---------------------------------------------------------------------------------------
       4,2   15,1     23   -4,7     14  394,4    0,0   41,4    2,9   57,9     17    218
    
Tropske noči (Tmin >= 20): 0
Vroči dnevi (Tmax >= 30): 0
Topli dnevi (Tmax >= 25): 0
Hladni dnevi (Tmin < 0): 19
Ledeni dnevi (Tmax < 0): 0