Vremenska postaja Trnje pri Škofji Loki

 

46.0659 N| 13.5588 E| 812 m | Prikaži na zemljevidu

 

Vreme na kratko
7,4°C 65% 1022,5 mbar 0 km/h 3 km/h 0,0 mm
0,9°C/h -4%/h -1,6 mbar/h N/A ( N/A) N/A ( N/A) 0,0 mm/h

03. 02. 2023 13:55:00 CET

Vremenska statistika za 03-2022

Vremenska postaja:Vantage Pro2
Programska oprema:weewx v4.4.0
WeeWX aktiven:2 days, 8 hours, 55 minutes
Strežnik aktiven:228 days, 18 hours, 33 minutes
                   MONTHLY CLIMATOLOGICAL SUMMARY for mar 2022


NAME: Trnje pri Škofji Loki                  
ELEV: 395 m    LAT: 46-03.96 N    LONG: 013-33.49 E


                   TEMPERATURE (°C), RAIN (mm), WIND SPEED (km/h)

                                         HEAT   COOL         AVG
      MEAN                               DEG    DEG          WIND                   DOM
DAY   TEMP   HIGH   TIME    LOW   TIME   DAYS   DAYS   RAIN  SPEED   HIGH   TIME    DIR
---------------------------------------------------------------------------------------
 01    2,6    8,3  14:00   -2,4  00:00   15,7    0,0    0,0    3,1   20,9  11:39    105
 02    1,8   10,8  15:03   -5,0  06:23   16,5    0,0    0,0    1,7   12,9  12:41    133
 03    3,3   12,6  15:39   -4,3  06:42   15,1    0,0    0,0    1,3   14,5  18:15    163
 04    3,2    8,9  15:32   -2,6  06:35   15,1    0,0    0,0    4,0   29,0  16:36    140
 05    1,6    5,7  12:12   -3,4  06:14   16,7    0,0    0,0    3,1   30,6  15:26     84
 06    1,8    5,2  11:52   -1,6  22:31   16,5    0,0    0,0    2,6   24,1  12:21    116
 07    0,5    6,2  15:44   -5,0  06:54   17,8    0,0    0,0    2,4   22,5  14:34    134
 08    1,5    8,1  13:19   -4,2  06:29   16,8    0,0    0,0    3,0   27,4  12:17    143
 09    2,9   11,9  16:04   -4,8  06:39   15,5    0,0    0,0    1,5   14,5  12:24    152
 10    4,5   12,8  15:04   -3,1  06:29   13,8    0,0    0,0    2,1   24,1  16:58    126
 11    2,4    7,4  15:54   -2,7  23:47   16,0    0,0    0,0    1,1   14,5  09:18    110
 12    0,2    8,2  16:23   -6,1  06:15   18,2    0,0    0,0    1,6   17,7  13:55    132
 13    2,6   10,4  14:27   -6,4  06:23   15,8    0,0    0,0    4,8   30,6  11:20    214
 14    5,1   13,1  15:44   -3,2  05:49   13,2    0,0    0,0    4,5   35,4  13:45    181
 15    5,4   10,2  12:58   -1,0  06:13   12,9    0,0    0,0    7,9   45,1  23:08    195
 16   10,1   15,2  15:13    6,4  04:21    8,3    0,0    0,0    5,9   45,1  00:22    198
 17    9,3   13,5  12:40    5,7  06:37    9,1    0,0    0,0    1,6   20,9  14:13    131
 18    6,8   11,8  13:23    2,0  23:49   11,5    0,0    0,0    3,7   37,0  11:59    117
 19    5,5   11,9  14:47   -1,4  06:48   12,8    0,0    0,0    3,4   48,3  13:11    128
 20    5,8   10,8  12:34    0,3  06:21   12,5    0,0    0,0    3,7   32,2  10:09    128
 21    4,4   13,0  16:18   -2,9  06:15   14,0    0,0    0,0    1,7   19,3  12:37    149
 22    5,9   15,2  15:42   -2,3  06:18   12,4    0,0    0,0    2,4   19,3  11:01    179
 23    9,0   20,4  16:08   -0,6  06:24    9,3    0,0    0,0    2,4   17,7  15:09    157
 24   11,4   23,3  16:25    0,7  05:30    6,9    0,0    0,0    2,3   17,7  14:42    151
 25   11,1   20,7  15:13    2,0  05:52    7,3    0,0    0,0    2,0   19,3  12:23    132
 26   11,8   21,4  15:50    2,7  06:33    6,6    0,0    0,0    2,7   22,5  18:38    153
 27   11,9   21,7  16:54    2,7  06:32    6,4    0,0    0,0    1,7   17,7  15:25    120
 28   12,0   21,3  14:33    2,8  07:09    6,3    0,0    2,0    5,2   46,7  18:58    210
 29   11,0   17,4  15:46    2,9  06:38    7,4    0,0    0,0    6,8   40,2  19:15    222
 30    9,2   12,0  14:16    5,4  07:02    9,1    0,0    0,6    2,7   33,8  00:05    183
 31    7,2    8,2  00:00    5,9  22:36   11,1    0,0   22,2    0,7   14,5  13:21    244
---------------------------------------------------------------------------------------
       5,9   23,3     24   -6,4     13  386,5    0,0   24,8    3,0   48,3     19    163
    
Tropske noči (Tmin >= 20): 0
Vroči dnevi (Tmax >= 30): 0
Topli dnevi (Tmax >= 25): 0
Hladni dnevi (Tmin < 0): 19
Ledeni dnevi (Tmax < 0): 0