Vremenska postaja Trnje pri Škofji Loki

 

46.0659 N| 13.5588 E| 812 m | Prikaži na zemljevidu

 

Vreme na kratko
7,9°C 63% 1021,7 mbar 3 km/h 8 km/h 0,0 mm
1,1°C/h -4%/h -1,4 mbar/h E (90°) E (90°) 0,0 mm/h

03. 02. 2023 14:40:00 CET

Vremenska statistika za 04-2022

Vremenska postaja:Vantage Pro2
Programska oprema:weewx v4.4.0
WeeWX aktiven:2 days, 9 hours, 40 minutes
Strežnik aktiven:228 days, 19 hours, 18 minutes
                   MONTHLY CLIMATOLOGICAL SUMMARY for apr 2022


NAME: Trnje pri Škofji Loki                  
ELEV: 395 m    LAT: 46-03.96 N    LONG: 013-33.49 E


                   TEMPERATURE (°C), RAIN (mm), WIND SPEED (km/h)

                                         HEAT   COOL         AVG
      MEAN                               DEG    DEG          WIND                   DOM
DAY   TEMP   HIGH   TIME    LOW   TIME   DAYS   DAYS   RAIN  SPEED   HIGH   TIME    DIR
---------------------------------------------------------------------------------------
 01    7,6   10,2  18:20    5,6  02:29   10,7    0,0    1,2    0,1    9,7  15:49      5
 02    3,2    7,7  00:01    0,9  12:05   15,1    0,0   15,4    0,8   17,7  02:00    113
 03    4,4    8,7  16:37    1,1  06:58   14,0    0,0    0,0    1,3   24,1  12:00    116
 04    5,1    8,8  17:06    1,7  07:16   13,2    0,0    0,0    5,0   32,2  19:45    193
 05    7,2   12,9  15:53    0,7  07:13   11,2    0,0    0,0    5,0   46,7  14:26    190
 06    9,6   16,8  15:05    1,4  06:36    8,7    0,0    0,0    5,2   38,6  13:55    199
 07   11,3   17,9  14:56    4,3  07:18    7,0    0,0    0,0    8,0   43,5  18:58    220
 08   12,8   15,4  14:00   10,3  04:29    5,6    0,0    0,2    5,1   37,0  00:27    187
 09    8,1   14,7  10:25    1,4  23:52   10,2    0,0    9,0    5,7   62,8  02:05    231
 10    4,9   13,2  16:51   -0,7  06:47   13,4    0,0    0,2    1,8   24,1  15:28    324
 11    8,1   15,1  15:15    0,6  06:38   10,2    0,0    0,0    4,8   54,7  14:25    204
 12   10,5   18,3  14:26    1,8  06:30    7,8    0,0    0,0    4,1   35,4  12:16    218
 13   12,4   22,1  16:38    3,2  06:29    5,9    0,0    0,0    1,4   12,9  13:07    144
 14   15,0   25,1  16:52    5,3  06:42    3,4    0,0    0,0    2,9   27,4  18:20    173
 15   12,7   20,4  11:46    7,2  06:28    5,6    0,0    2,0    1,7   14,5  18:51    248
 16   11,4   17,9  13:14    5,9  23:44    6,9    0,0    0,2    2,9   32,2  13:57     32
 17    8,7   15,5  16:49    2,4  06:25    9,6    0,0    0,0    4,6   35,4  12:05    116
 18    8,4   15,9  17:20    0,7  06:24   10,0    0,0    0,0    4,1   30,6  12:03    149
 19    9,2   14,6  12:08    4,3  05:56    9,2    0,0    5,0    2,4   30,6  13:04    140
 20    7,6   14,1  17:27    2,9  06:35   10,7    0,0    0,2    1,6   24,1  15:22    107
 21    8,2   14,3  13:34    0,7  06:35   10,1    0,0    0,2    1,7   17,7  13:04    126
 22    9,0   11,0  16:56    7,5  06:27    9,3    0,0   13,6    0,1    6,4  00:12      0
 23   11,6   15,8  15:23    8,7  06:19    6,7    0,0    0,2    1,5   33,8  14:06    190
 24   11,7   16,4  14:08    8,2  23:26    6,6    0,0    3,8    4,8   54,7  15:07    185
 25   11,1   16,3  14:41    6,0  06:40    7,3    0,0    0,0    5,5   41,8  18:13    215
 26    9,9   13,5  17:51    6,2  03:20    8,4    0,0    5,2    1,0   22,5  23:45    231
 27   10,9   16,0  15:38    6,9  07:51    7,4    0,0    8,2    2,9   27,4  16:57    102
 28   11,2   19,6  16:17    3,7  06:00    7,2    0,0    0,0    2,8   27,4  12:32    118
 29   12,3   19,7  16:17    4,1  05:53    6,0    0,0    0,0    4,4   27,4  15:29    156
 30   13,4   21,1  15:39    5,6  06:12    5,0    0,0    0,0    2,3   29,0  14:45    135
---------------------------------------------------------------------------------------
       9,6   25,1     14   -0,7     10  262,4    0,0   64,6    3,2   62,8     09    178
    
Tropske noči (Tmin >= 20): 0
Vroči dnevi (Tmax >= 30): 0
Topli dnevi (Tmax >= 25): 1
Hladni dnevi (Tmin < 0): 1
Ledeni dnevi (Tmax < 0): 0