Vremenska postaja Trnje pri Škofji Loki

 

46.0659 N| 13.5588 E| 812 m | Prikaži na zemljevidu

 

Vreme na kratko
9,1°C 59% 1020,9 mbar 11 km/h 26 km/h 0,0 mm
1,6°C/h -5%/h -1,0 mbar/h WSW (248°) WSW (248°) 0,0 mm/h

03. 02. 2023 15:20:00 CET

Vremenska statistika za 05-2022

Vremenska postaja:Vantage Pro2
Programska oprema:weewx v4.4.0
WeeWX aktiven:2 days, 10 hours, 20 minutes
Strežnik aktiven:228 days, 19 hours, 58 minutes
                   MONTHLY CLIMATOLOGICAL SUMMARY for maj 2022


NAME: Trnje pri Škofji Loki                  
ELEV: 395 m    LAT: 46-03.96 N    LONG: 013-33.49 E


                   TEMPERATURE (°C), RAIN (mm), WIND SPEED (km/h)

                                         HEAT   COOL         AVG
      MEAN                               DEG    DEG          WIND                   DOM
DAY   TEMP   HIGH   TIME    LOW   TIME   DAYS   DAYS   RAIN  SPEED   HIGH   TIME    DIR
---------------------------------------------------------------------------------------
 01   11,1   17,0  13:49    8,7  02:04    7,2    0,0   12,4    2,5   45,1  14:24    189
 02   13,6   20,5  15:25    9,3  05:28    4,8    0,0    2,6    1,6   19,3  13:00     74
 03   15,0   22,3  13:15    7,9  05:49    3,3    0,0    0,0    1,6   32,2  17:00    121
 04   15,1   22,4  15:26    7,0  05:51    3,3    0,0    0,0    4,3   32,2  13:09    220
 05   14,6   20,9  13:29    7,0  05:51    3,7    0,0    0,0    3,0   24,1  13:14    196
 06   13,0   15,6  15:34   11,0  06:28    5,3    0,0    0,4    0,2    8,0  00:07    180
 07   12,8   15,8  14:52   11,4  05:55    5,5    0,0    3,8    0,2   11,3  11:26     68
 08   14,6   20,4  15:41   10,7  23:59    3,7    0,0    1,4    1,6   25,7  12:34     81
 09   14,6   22,9  15:41    8,9  03:26    3,7    0,0    0,2    2,5   27,4  16:23    138
 10   16,8   25,3  17:24    8,4  05:49    1,5    0,0    0,2    1,5   17,7  17:00     94
 11   18,8   26,5  15:12   10,0  05:49    0,0    0,5    0,0    5,0   37,0  16:10    204
 12   20,3   28,6  15:13   12,1  05:55    0,0    2,0    0,0    4,3   32,2  16:25    210
 13   19,5   27,4  14:55   11,5  05:54    0,0    1,1    1,8    1,4   19,3  14:57    161
 14   18,1   25,7  15:27   13,9  23:39    0,2    0,0    2,2    1,3   17,7  12:57    156
 15   19,3   27,9  16:44   11,5  05:41    0,0    0,9    0,2    1,9   22,5  20:28    150
 16   20,1   27,7  15:17   12,7  05:15    0,0    1,8    0,0    3,4   40,2  15:47    216
 17   20,5   27,6  14:33   15,7  06:51    0,0    2,2    0,0    1,4   16,1  13:45    164
 18   17,6   23,1  15:14   12,3  05:54    0,7    0,0    0,0    4,4   29,0  14:59    133
 19   17,6   26,3  16:28    8,1  05:55    0,8    0,0    0,0    2,4   20,9  16:32    158
 20   19,9   27,6  14:57   11,5  05:40    0,0    1,5    0,0    4,9   32,2  17:33    184
 21   20,2   29,8  15:12   14,9  03:58    0,0    1,9    4,8    1,4   25,7  16:59    293
 22   20,5   27,4  17:32   15,2  04:16    0,0    2,2    1,6    1,5   14,5  13:09    110
 23   19,6   24,2  15:13   16,3  04:43    0,0    1,2    0,4    0,8   14,5  21:57     98
 24   20,8   27,0  16:21   14,7  06:17    0,0    2,5    0,2    3,0   30,6  12:55    163
 25   20,3   26,9  14:24   14,3  05:34    0,0    2,0    1,2    2,4   30,6  14:34    192
 26   19,8   25,4  18:08   15,7  06:10    0,0    1,4    0,0    1,3   17,7  10:17    103
 27   21,5   28,7  17:14   13,9  05:51    0,0    3,2    5,8    2,9   29,0  16:50    183
 28   13,5   17,2  00:00   10,8  21:11    4,9    0,0    5,6    1,6   20,9  09:31    119
 29   10,3   11,7  10:26    8,6  23:36    8,0    0,0    6,0    0,7   14,5  15:54    103
 30   11,4   16,3  15:15    6,8  02:19    6,9    0,0    0,0    1,0   14,5  13:30    112
 31   16,6   24,6  17:57    9,8  01:34    1,7    0,0    0,0    2,1   19,3  21:17    160
---------------------------------------------------------------------------------------
      17,0   29,8     21    6,8     30   65,3   24,4   50,8    2,2   45,1     01    166
    
Tropske noči (Tmin >= 20): 0
Vroči dnevi (Tmax >= 30): 0
Topli dnevi (Tmax >= 25): 16
Hladni dnevi (Tmin < 0): 0
Ledeni dnevi (Tmax < 0): 0