Vremenska postaja Trnje pri Škofji Loki

 

46.0659 N| 13.5588 E| 812 m | Prikaži na zemljevidu

 

Vreme na kratko
6,8°C 67% 1023,1 mbar 3 km/h 8 km/h 0,0 mm
0,1°C/h -1%/h -1,1 mbar/h SW (225°) SW (225°) 0,0 mm/h

03. 02. 2023 13:40:00 CET

Vremenska statistika za 06-2022

Vremenska postaja:Vantage Pro2
Programska oprema:weewx v4.4.0
WeeWX aktiven:2 days, 8 hours, 40 minutes
Strežnik aktiven:228 days, 18 hours, 18 minutes
                   MONTHLY CLIMATOLOGICAL SUMMARY for jun 2022


NAME: Trnje pri Škofji Loki                  
ELEV: 395 m    LAT: 46-03.96 N    LONG: 013-33.49 E


                   TEMPERATURE (°C), RAIN (mm), WIND SPEED (km/h)

                                         HEAT   COOL         AVG
      MEAN                               DEG    DEG          WIND                   DOM
DAY   TEMP   HIGH   TIME    LOW   TIME   DAYS   DAYS   RAIN  SPEED   HIGH   TIME    DIR
---------------------------------------------------------------------------------------
 01   19,5   26,5  17:01   11,5  05:31    0,0    1,1    0,0    3,7   27,4  20:05    171
 02   20,6   26,9  13:49   13,7  05:44    0,0    2,2    0,4    1,6   17,7  12:53    142
 03   20,5   26,7  14:44   15,3  05:42    0,0    2,1    0,6    1,6   35,4  18:42    131
 04   23,2   30,4  13:53   15,0  05:49    0,0    4,9    0,2    3,9   27,4  20:51    178
 05   23,6   30,5  14:00   16,3  04:56    0,0    5,3    0,0    2,2   30,6  20:01    155
 06   22,5   28,2  15:50   17,2  02:58    0,0    4,2    0,4    2,9   25,7  04:14    120
 07   19,6   26,6  14:32   14,6  05:09    0,0    1,2    9,2    1,5   20,9  13:45    155
 08   18,0   23,9  17:35   13,8  06:38    0,4    0,0    4,6    1,6   19,3  00:47    159
 09   16,9   19,7  19:13   12,7  05:04    1,4    0,0    0,8    3,5   40,2  22:43      3
 10   20,7   24,0  14:27   15,8  00:00    0,0    2,4    0,0   10,4   48,3  05:10    357
 11   20,2   27,5  18:32   12,2  05:36    0,0    1,8    0,0    1,5   19,3  12:12    107
 12   21,4   29,9  16:37   11,7  05:47    0,0    3,1    0,0    2,1   22,5  14:33    123
 13   19,7   29,6  15:18   14,3  05:39    0,0    1,4    2,0    2,1   29,0  17:16    183
 14   20,0   26,5  17:46   14,9  04:55    0,0    1,7    0,0    2,4   22,5  11:42    133
 15   21,3   29,9  16:52   12,4  05:22    0,0    3,0    0,0    1,7   19,3  18:21    134
 16   21,6   31,0  14:15   15,3  05:30    0,0    3,3    0,0    1,7   24,1  15:04    134
 17   21,5   29,9  15:27   14,5  06:06    0,0    3,2    0,0    2,3   24,1  16:28    114
 18   22,1   30,0  15:55   14,7  05:40    0,0    3,7    0,0    1,9   24,1  13:22    116
 19   23,3   32,2  15:52   14,2  05:41    0,0    4,9    0,0    2,8   29,0  17:45    194
 20   24,2   30,2  15:17   15,6  05:06    0,0    5,9    0,0    5,1   40,2  14:37    223
 21   24,4   31,6  15:27   17,4  04:32    0,0    6,0    0,4    4,5   49,9  18:48    168
 22   23,6   29,0  16:35   18,4  05:27    0,0    5,3    2,6    2,8   33,8  23:55    185
 23   23,5   29,8  15:52   17,3  05:15    0,0    5,2    5,8    2,4   33,8  00:00    126
 24   22,7   29,3  16:27   17,4  23:33    0,0    4,4   10,0    3,3   41,8  21:46    158
 25   21,7   27,5  17:43   16,0  05:02    0,0    3,4   11,2    2,7   30,6  00:14    157
 26   23,9   31,1  17:41   16,1  05:02    0,0    5,6    0,0    3,3   33,8  11:30    224
 27   25,3   33,7  15:04   17,0  04:52    0,0    7,0    0,0    2,3   30,6  12:34    210
 28   23,3   31,9  14:06   16,8  05:58    0,0    4,9    8,8    2,5   38,6  16:55    143
 29   23,9   30,0  14:13   19,7  05:13    0,0    5,5    1,0    1,6   25,7  15:15    147
 30   24,8   31,4  15:44   17,6  05:04    0,0    6,5    0,2    3,1   25,7  19:47    200
---------------------------------------------------------------------------------------
      21,9   33,7     27   11,5     01    1,8  109,2   58,2    2,8   49,9     21    157
    
Tropske noči (Tmin >= 20): 0
Vroči dnevi (Tmax >= 30): 12
Topli dnevi (Tmax >= 25): 27
Hladni dnevi (Tmin < 0): 0
Ledeni dnevi (Tmax < 0): 0