Vremenska postaja Trnje pri Škofji Loki

 

46.0659 N| 13.5588 E| 812 m | Prikaži na zemljevidu

 

Vreme na kratko
7,6°C 63% 1021,8 mbar 6 km/h 8 km/h 0,0 mm
1,1°C/h -5%/h -1,4 mbar/h SW (225°) SW (225°) 0,0 mm/h

03. 02. 2023 14:25:00 CET

Vremenska statistika za 07-2022

Vremenska postaja:Vantage Pro2
Programska oprema:weewx v4.4.0
WeeWX aktiven:2 days, 9 hours, 25 minutes
Strežnik aktiven:228 days, 19 hours, 3 minutes
                   MONTHLY CLIMATOLOGICAL SUMMARY for jul 2022


NAME: Trnje pri Škofji Loki                  
ELEV: 395 m    LAT: 46-03.96 N    LONG: 013-33.49 E


                   TEMPERATURE (°C), RAIN (mm), WIND SPEED (km/h)

                                         HEAT   COOL         AVG
      MEAN                               DEG    DEG          WIND                   DOM
DAY   TEMP   HIGH   TIME    LOW   TIME   DAYS   DAYS   RAIN  SPEED   HIGH   TIME    DIR
---------------------------------------------------------------------------------------
 01   23,3   32,3  14:11   17,0  06:10    0,0    5,0    3,4    3,1   27,4  17:57    171
 02   22,5   29,0  17:10   16,2  05:37    0,0    4,1    0,2    2,5   22,5  15:24    132
 03   24,1   32,7  16:53   15,7  05:24    0,0    5,7    0,0    1,9   22,5  15:59    135
 04   25,5   33,8  14:32   17,9  05:17    0,0    7,1    0,2    1,5   19,3  15:44    123
 05   23,0   28,8  13:19   18,1  23:57    0,0    4,7    2,6    1,6   22,5  19:49    125
 06   22,8   29,6  13:59   16,3  05:15    0,0    4,5    0,0    1,9   22,5  12:23    125
 07   18,9   26,2  14:28   14,6  23:55    0,0    0,5   11,0    1,0   35,4  15:50    298
 08   18,9   26,2  17:23   12,9  06:05    0,0    0,5    0,0    2,6   29,0  14:27    354
 09   19,2   26,8  14:37   10,2  05:50    0,0    0,8    0,0    1,5   20,9  14:08     40
 10   18,3   24,9  14:12   13,4  06:06    0,0    0,0    0,2    1,3   19,3  15:12    195
 11   19,7   25,8  15:04   13,9  06:50    0,0    1,4    0,0    1,9   20,9  10:30    129
 12   20,2   27,3  14:57   12,3  05:42    0,0    1,9    0,0    2,1   20,9  14:26    130
 13   22,1   30,3  17:35   12,9  06:02    0,0    3,8    0,0    4,3   37,0  14:19    162
 14   24,9   32,6  13:46   16,7  06:17    0,0    6,5    0,0    3,2   25,7  14:57    192
 15   22,6   29,7  17:15   16,5  05:57    0,0    4,3   11,0    3,2   33,8  14:01    127
 16   22,6   30,7  17:37   16,6  03:56    0,0    4,3    2,8    1,4   20,9  23:50    135
 17   22,0   27,7  15:37   16,4  05:53    0,0    3,7    0,8    2,9   20,9  14:20    131
 18   21,9   29,8  15:41   13,9  05:54    0,0    3,5    0,0    2,7   24,1  16:07    144
 19   23,2   31,6  15:07   14,2  05:44    0,0    4,8    0,0    1,9   22,5  14:00    148
 20   24,4   34,2  17:09   14,9  05:54    0,0    6,1    0,0    1,5   20,9  11:21    129
 21   25,8   35,9  15:45   15,6  05:47    0,0    7,5    0,0    1,3   17,7  13:28    124
 22   26,8   35,6  16:07   18,3  05:50    0,0    8,5    0,0    1,9   20,9  16:40    126
 23   27,4   36,8  15:20   18,2  05:45    0,0    9,1    0,0    2,5   38,6  13:57    181
 24   25,0   31,5  16:32   17,9  06:33    0,0    6,6    1,8    2,2   24,1  16:00    141
 25   26,8   35,6  15:45   18,5  05:48    0,0    8,4    0,0    1,4   20,9  11:02    121
 26   23,3   27,5  08:33   19,9  05:05    0,0    5,0    0,4    2,3   27,4  08:28    139
 27   22,5   28,6  16:39   17,3  23:51    0,0    4,1    0,4    3,0   30,6  15:40    127
 28   22,5   30,0  16:20   15,3  06:17    0,0    4,1    0,2    2,2   24,1  15:00    139
 29   24,0   32,4  15:20   16,0  05:49    0,0    5,7    0,0    1,2   24,1  18:23    122
 30   20,8   26,5  16:41   16,6  23:50    0,0    2,5    4,2    1,4   22,5  18:19    159
 31   22,3   30,9  12:46   13,4  05:59    0,0    4,0    0,2    1,5   22,5  11:59    141
---------------------------------------------------------------------------------------
      22,8   36,8     23   10,2     09    0,0  139,0   39,4    2,1   38,6     23    139
    
Tropske noči (Tmin >= 20): 0
Vroči dnevi (Tmax >= 30): 16
Topli dnevi (Tmax >= 25): 30
Hladni dnevi (Tmin < 0): 0
Ledeni dnevi (Tmax < 0): 0