Vremenska postaja Trnje pri Škofji Loki

 

46.0659 N| 13.5588 E| 812 m | Prikaži na zemljevidu

 

Vreme na kratko
9,0°C 59% 1021,1 mbar 16 km/h 31 km/h 0,0 mm
1,3°C/h -5%/h -0,8 mbar/h SW (225°) SW (225°) 0,0 mm/h

03. 02. 2023 15:10:00 CET

Vremenska statistika za 08-2022

Vremenska postaja:Vantage Pro2
Programska oprema:weewx v4.4.0
WeeWX aktiven:2 days, 10 hours, 10 minutes
Strežnik aktiven:228 days, 19 hours, 48 minutes
                   MONTHLY CLIMATOLOGICAL SUMMARY for avg 2022


NAME: Trnje pri Škofji Loki                  
ELEV: 395 m    LAT: 46-03.96 N    LONG: 013-33.49 E


                   TEMPERATURE (°C), RAIN (mm), WIND SPEED (km/h)

                                         HEAT   COOL         AVG
      MEAN                               DEG    DEG          WIND                   DOM
DAY   TEMP   HIGH   TIME    LOW   TIME   DAYS   DAYS   RAIN  SPEED   HIGH   TIME    DIR
---------------------------------------------------------------------------------------
 01   24,1   31,6  12:19   16,2  06:34    0,0    5,8    0,6    2,2   27,4  23:49    175
 02   21,2   29,6  15:49   16,8  05:34    0,0    2,9    9,4    1,2   24,1  15:52    127
 03   23,4   31,9  17:21   15,1  06:02    0,0    5,1    0,0    1,3   22,5  17:22    108
 04   25,2   34,5  17:41   16,4  06:02    0,0    6,9    0,0    1,2   20,9  12:54    128
 05   27,3   36,7  16:19   17,7  06:06    0,0    9,0    0,0    3,0   32,2  14:47    174
 06   24,5   31,6  13:14   19,5  06:14    0,0    6,2    0,2    2,4   38,6  14:33     48
 07   22,4   26,7  16:34   18,6  06:03    0,0    4,0    0,0    1,3   19,3  17:17    114
 08   22,8   27,6  16:04   19,9  06:25    0,0    4,5    0,0    0,9   17,7  14:39     74
 09   23,1   29,8  16:20   16,1  06:38    0,0    4,7    0,0    3,1   27,4  15:03    125
 10   21,5   28,4  14:20   13,6  06:27    0,0    3,2    0,0    4,2   30,6  13:42    136
 11   21,8   29,6  15:06   12,9  06:13    0,0    3,4    0,0    3,1   25,7  12:25    138
 12   20,0   25,9  13:29   14,3  06:30    0,0    1,7    6,0    3,5   35,4  11:49    127
 13   15,8   21,1  16:14   12,1  05:07    2,6    0,0    2,0    0,3   11,3  10:53     78
 14   21,0   30,2  15:15   11,5  06:12    0,0    2,6    0,0    2,3   29,0  17:42    151
 15   22,6   31,9  15:56   14,3  06:29    0,0    4,2    0,0    3,1   41,8  17:37    205
 16   22,9   30,2  14:00   16,7  03:06    0,0    4,6    0,0    2,7   27,4  16:50    184
 17   24,4   31,2  14:47   15,4  06:06    0,0    6,1    0,0    4,4   35,4  12:31    199
 18   23,4   33,4  13:45   18,2  06:18    0,0    5,1    4,8    1,9   69,2  14:44    167
 19   21,0   27,3  17:58   17,6  05:50    0,0    2,7    6,0    1,4   62,8  04:14    228
 20   21,8   28,4  13:15   15,4  06:25    0,0    3,5    0,8    2,4   27,4  12:47      4
 21   20,9   28,7  13:27   15,6  05:38    0,0    2,6    0,0    1,4   24,1  12:16     36
 22   20,0   26,9  12:32   14,3  06:29    0,0    1,7    0,2    1,1   17,7  11:45     36
 23   19,4   24,5  14:58   15,7  05:58    0,0    1,1    0,2    0,9   19,3  12:43    105
 24   21,5   28,8  15:12   14,0  06:18    0,0    3,1    0,2    1,7   20,9  13:42    130
 25   22,6   29,5  16:10   17,2  05:24    0,0    4,3    0,0    1,5   20,9  11:29    128
 26   23,4   30,6  16:31   17,2  03:58    0,0    5,1    0,0    2,6   22,5  17:19    143
 27   22,4   30,6  12:37   17,2  06:29    0,0    4,1   15,6    1,6   22,5  12:32    135
 28   20,5   25,9  13:20   16,4  05:43    0,0    2,1    0,8    0,7   17,7  17:54    161
 29   21,8   27,9  14:03   17,8  02:59    0,0    3,5    0,0    1,3   22,5  15:21    140
 30   21,9   30,0  15:19   15,4  06:14    0,0    3,6    0,0    1,0   20,9  12:26    106
 31   19,4   21,9  11:32   17,2  23:59    0,0    1,1    0,8    0,4   12,9  16:05     90
---------------------------------------------------------------------------------------
      22,1   36,7     05   11,5     14    2,6  118,3   47,6    1,9   69,2     18    141
    
Tropske noči (Tmin >= 20): 0
Vroči dnevi (Tmax >= 30): 13
Topli dnevi (Tmax >= 25): 28
Hladni dnevi (Tmin < 0): 0
Ledeni dnevi (Tmax < 0): 0