Vremenska postaja Trnje pri Škofji Loki

 

46.0659 N| 13.5588 E| 812 m | Prikaži na zemljevidu

 

Vreme na kratko
6,4°C 68% 1023,2 mbar 3 km/h 5 km/h 0,0 mm
-0,1°C/h -4%/h -1,1 mbar/h SW (225°) SW (225°) 0,0 mm/h

03. 02. 2023 13:25:00 CET

Vremenska statistika za 09-2022

Vremenska postaja:Vantage Pro2
Programska oprema:weewx v4.4.0
WeeWX aktiven:2 days, 8 hours, 25 minutes
Strežnik aktiven:228 days, 18 hours, 3 minutes
                   MONTHLY CLIMATOLOGICAL SUMMARY for sep 2022


NAME: Trnje pri Škofji Loki                  
ELEV: 395 m    LAT: 46-03.96 N    LONG: 013-33.49 E


                   TEMPERATURE (°C), RAIN (mm), WIND SPEED (km/h)

                                         HEAT   COOL         AVG
      MEAN                               DEG    DEG          WIND                   DOM
DAY   TEMP   HIGH   TIME    LOW   TIME   DAYS   DAYS   RAIN  SPEED   HIGH   TIME    DIR
---------------------------------------------------------------------------------------
 01   16,3   19,0  17:15   13,3  23:54    2,0    0,0    3,4    0,4    8,0  06:29     90
 02   16,9   24,2  15:32   10,6  06:43    1,5    0,0    0,2    2,1   22,5  17:11    119
 03   18,4   25,8  16:22   11,1  06:45    0,0    0,1    0,0    1,8   17,7  16:29    146
 04   19,4   28,6  15:56   12,7  06:40    0,0    1,1    0,0    1,6   24,1  18:07    159
 05   19,9   28,8  16:35   13,0  05:50    0,0    1,5    0,2    1,2   17,7  13:05    103
 06   22,1   29,9  15:00   14,6  06:45    0,0    3,7    0,0    3,1   29,0  13:50    161
 07   22,4   29,4  15:54   16,1  06:05    0,0    4,0    0,0    3,9   33,8  11:50    194
 08   18,2   20,5  09:21   16,3  06:58    0,2    0,0   10,6    0,7   19,3  10:46    185
 09   17,2   18,8  15:29   16,2  23:55    1,2    0,0    1,2    0,4   11,3  17:42    163
 10   16,9   24,7  16:26   12,4  23:36    1,4    0,0    0,4    1,4   38,6  17:30    159
 11   16,5   23,6  14:17   12,0  06:25    1,9    0,0    0,4    1,4   16,1  15:20    172
 12   16,6   24,9  16:07    9,5  06:46    1,8    0,0    0,2    1,8   17,7  14:11    171
 13   18,4   26,2  14:39   11,3  06:10    0,0    0,0    0,0    2,6   30,6  16:06    193
 14   20,6   25,2  15:54   15,5  02:31    0,0    2,2    6,4    3,9   38,6  12:26    219
 15   19,4   23,6  04:45   15,6  22:28    0,0    1,0   43,6    3,0   35,4  11:29    222
 16   14,8   16,0  08:42   12,6  23:35    3,6    0,0   38,8    0,7   12,9  12:37    124
 17   10,6   13,2  17:46    6,8  23:53    7,7    0,0   17,2    0,6   19,3  08:38     88
 18   10,4   18,8  15:29    4,9  06:31    8,0    0,0    0,2    2,1   27,4  17:01    228
 19   13,5   20,3  15:36    8,6  23:40    4,9    0,0    2,4    3,0   33,8  12:23    353
 20   11,5   20,3  15:35    4,5  06:55    6,8    0,0    0,0    1,4   14,5  13:04    192
 21   10,7   18,4  14:57    5,2  06:55    7,6    0,0    0,0    1,8   20,9  15:27    160
 22    9,8   17,6  14:48    3,5  06:46    8,5    0,0    0,2    1,5   20,9  15:55    126
 23   10,9   20,1  16:43    3,4  06:32    7,4    0,0    0,0    1,2   17,7  18:51    134
 24   11,3   16,3  12:56    6,4  07:15    7,0    0,0    1,4    0,7   17,7  21:42    186
 25   12,4   13,2  16:52   11,6  10:45    5,9    0,0   37,8    0,3    9,7  03:43    202
 26   12,2   16,8  15:56    9,3  20:01    6,1    0,0   13,0    0,5   35,4  17:02    222
 27   10,8   13,6  13:17    8,6  23:49    7,5    0,0   21,4    1,1   20,9  17:21    286
 28   11,1   14,2  17:03    8,2  02:15    7,2    0,0    2,8    0,3   11,3  08:11    248
 29   12,0   12,8  10:05   11,0  14:48    6,4    0,0   16,2    0,3   17,7  15:56    113
 30   13,0   15,4  14:29   10,8  03:57    5,3    0,0   21,4    0,2   16,1  01:19    233
---------------------------------------------------------------------------------------
      15,1   29,9     06    3,4     23  109,8   13,7  239,4    1,5   38,6     10    174
    
Tropske noči (Tmin >= 20): 0
Vroči dnevi (Tmax >= 30): 0
Topli dnevi (Tmax >= 25): 7
Hladni dnevi (Tmin < 0): 0
Ledeni dnevi (Tmax < 0): 0