Vremenska postaja Trnje pri Škofji Loki

 

46.0659 N| 13.5588 E| 812 m | Prikaži na zemljevidu

 

Vreme na kratko
9,1°C 59% 1021,0 mbar 13 km/h 23 km/h 0,0 mm
1,6°C/h -5%/h -0,9 mbar/h SW (225°) SW (225°) 0,0 mm/h

03. 02. 2023 15:15:00 CET

Vremenska statistika za 10-2022

Vremenska postaja:Vantage Pro2
Programska oprema:weewx v4.4.0
WeeWX aktiven:2 days, 10 hours, 15 minutes
Strežnik aktiven:228 days, 19 hours, 53 minutes
                   MONTHLY CLIMATOLOGICAL SUMMARY for okt 2022


NAME: Trnje pri Škofji Loki                  
ELEV: 395 m    LAT: 46-03.96 N    LONG: 013-33.49 E


                   TEMPERATURE (°C), RAIN (mm), WIND SPEED (km/h)

                                         HEAT   COOL         AVG
      MEAN                               DEG    DEG          WIND                   DOM
DAY   TEMP   HIGH   TIME    LOW   TIME   DAYS   DAYS   RAIN  SPEED   HIGH   TIME    DIR
---------------------------------------------------------------------------------------
 01   14,3   18,3  14:22   11,7  23:59    4,0    0,0    7,2    1,9   40,2  13:53    213
 02   14,0   20,2  14:41    8,4  06:38    4,3    0,0    0,2    2,8   27,4  14:22    183
 03   13,8   21,6  15:55    9,9  23:53    4,5    0,0    0,0    0,8   12,9  03:54    161
 04   12,2   19,1  16:33    6,8  07:03    6,1    0,0    0,2    0,6   11,3  12:13     90
 05   13,8   21,3  14:29    9,3  01:35    4,5    0,0    0,2    1,4   25,7  16:20    167
 06   14,3   22,6  15:30    8,4  07:45    4,0    0,0    0,0    0,6   11,3  14:42    192
 07   15,1   22,3  15:48    9,9  06:41    3,2    0,0    0,2    0,6   14,5  14:55    132
 08   13,8   20,9  16:54    9,3  06:05    4,6    0,0    0,2    0,4    9,7  02:43    158
 09   13,4   16,6  15:25   11,7  04:08    4,9    0,0    0,2    0,1    9,7  11:30    158
 10   13,5   19,8  16:13   10,0  23:58    4,8    0,0    0,0    0,3   11,3  13:24    150
 11   13,8   21,7  16:34    8,4  06:54    4,6    0,0    0,2    0,7   12,9  00:59    142
 12   14,2   20,2  16:11    9,2  07:26    4,1    0,0    0,0    0,2   14,5  13:16    135
 13   12,4   19,3  15:40    8,2  07:06    5,9    0,0    0,2    0,6   12,9  15:02    130
 14   12,7   19,8  15:50    7,6  07:32    5,6    0,0    0,2    0,7   12,9  13:31    134
 15   12,2   17,6  16:56    8,7  04:45    6,2    0,0    0,2    0,0    0,0  00:01    N/A
 16   13,0   21,4  16:02    7,5  07:47    5,4    0,0    0,4    0,0    0,0  00:00    N/A
 17   13,3   22,2  15:16    8,4  07:31    5,0    0,0    0,2    0,0    0,0  00:01    N/A
 18   13,0   21,1  15:45    8,6  06:40    5,3    0,0    0,2    0,1    9,7  03:25    135
 19   13,8   21,0  15:56    8,6  07:27    4,5    0,0    0,2    0,2   12,9  14:12    114
 20   13,5   15,7  16:31   11,9  08:28    4,8    0,0    0,0    0,3    9,7  04:50    113
 21   14,1   19,4  16:14    9,4  06:29    4,2    0,0    0,0    3,0   41,8  16:20    217
 22   14,2   17,4  00:36   10,2  23:59    4,1    0,0   41,8    1,4   27,4  14:40    221
 23   13,3   19,7  22:48    8,8  01:44    5,1    0,0    0,4    1,4   27,4  22:38    182
 24   17,5   20,4  13:49   13,9  03:54    0,8    0,0    0,8    4,8   35,4  12:49    169
 25   13,8   17,9  15:28   10,4  23:59    4,6    0,0   19,4    0,9   20,9  02:59    149
 26   13,3   20,2  15:09    8,9  06:54    5,1    0,0    0,2    0,3   12,9  00:21    177
 27   13,7   21,1  15:25    9,7  07:27    4,7    0,0    0,2    0,1    8,0  02:03    180
 28   12,0   19,7  16:26    7,7  07:42    6,4    0,0    0,4    0,1    8,0  13:01    158
 29   12,7   21,2  16:16    7,2  07:57    5,7    0,0    0,2    0,2    9,7  13:44    158
 30   13,9   23,2  14:54    8,2  06:04    4,5    0,0    0,2    0,1    6,4  00:03    158
 31   13,8   22,9  14:26    8,2  06:40    4,5    0,0    0,2    0,5   11,3  16:59    160
---------------------------------------------------------------------------------------
      13,6   23,2     30    6,8     04  146,0    0,0   74,0    0,8   41,8     21    172
    
Tropske noči (Tmin >= 20): 0
Vroči dnevi (Tmax >= 30): 0
Topli dnevi (Tmax >= 25): 0
Hladni dnevi (Tmin < 0): 0
Ledeni dnevi (Tmax < 0): 0