Vremenska postaja Trnje pri Škofji Loki

 

46.0659 N| 13.5588 E| 812 m | Prikaži na zemljevidu

 

Vreme na kratko
6,7°C 68% 1023,1 mbar 2 km/h 6 km/h 0,0 mm
-0,3°C/h 0%/h -1,0 mbar/h SW (225°) SW (225°) 0,0 mm/h

03. 02. 2023 13:35:00 CET

Vremenska statistika za 11-2022

Vremenska postaja:Vantage Pro2
Programska oprema:weewx v4.4.0
WeeWX aktiven:2 days, 8 hours, 35 minutes
Strežnik aktiven:228 days, 18 hours, 13 minutes
                   MONTHLY CLIMATOLOGICAL SUMMARY for nov 2022


NAME: Trnje pri Škofji Loki                  
ELEV: 395 m    LAT: 46-03.96 N    LONG: 013-33.49 E


                   TEMPERATURE (°C), RAIN (mm), WIND SPEED (km/h)

                                         HEAT   COOL         AVG
      MEAN                               DEG    DEG          WIND                   DOM
DAY   TEMP   HIGH   TIME    LOW   TIME   DAYS   DAYS   RAIN  SPEED   HIGH   TIME    DIR
---------------------------------------------------------------------------------------
 01   14,4   22,7  12:59    6,9  05:56    4,0    0,0    0,0    2,4   27,4  15:38    207
 02   14,7   20,4  14:26    9,9  07:19    3,6    0,0    0,6    0,4   11,3  22:10    192
 03   13,0   14,5  14:24   12,1  19:19    5,3    0,0    5,8    0,1    8,0  15:30     90
 04   12,1   16,2  15:07    8,6  20:18    6,3    0,0   15,0    1,7   56,3  12:29    345
 05    8,9   13,9  14:11    4,1  00:00    9,4    0,0    0,0    0,5   19,3  04:27    333
 06    6,1   11,9  15:00    1,6  06:55   12,2    0,0    0,2    1,1    9,7  01:19    320
 07    8,5   16,3  15:01    4,0  07:26    9,9    0,0    0,0    0,5    8,0  02:33    307
 08    8,2   14,9  15:11    2,3  07:03   10,1    0,0    0,2    1,1   29,0  16:12    221
 09   10,9   15,9  13:29    5,9  02:37    7,4    0,0    0,2    4,2   30,6  14:51    168
 10   10,7   12,3  00:45    6,6  21:24    7,6    0,0   14,8    0,3    8,0  12:06    336
 11    7,6   11,9  13:34    5,2  07:13   10,7    0,0    0,2    0,5   14,5  20:30    294
 12    6,9   12,3  14:45    3,6  02:41   11,4    0,0    0,2    0,2   11,3  22:23    245
 13    8,4   12,7  12:12    5,1  05:54    9,9    0,0    0,6    1,3   17,7  14:39    181
 14    9,1   11,1  13:18    7,9  03:33    9,3    0,0    2,0    0,4   12,9  11:34    129
 15   10,3   12,9  15:02    8,8  04:40    8,0    0,0    0,4    2,7   35,4  17:17    187
 16    9,7   10,8  14:20    8,7  03:12    8,7    0,0    4,6    0,1    8,0  01:10    180
 17    9,6   11,4  14:44    7,9  23:51    8,7    0,0    0,0    0,2    9,7  17:29    180
 18    7,7   10,4  13:10    3,4  23:54   10,6    0,0    5,6    0,9   17,7  12:00    223
 19    4,5    6,3  15:24    2,8  07:28   13,8    0,0    1,2    0,3   12,9  19:59    199
 20    4,2    6,0  13:48    1,3  23:53   14,2    0,0    1,0    0,2    9,7  23:00     74
 21    2,3    3,3  11:37    0,9  04:51   16,0    0,0    0,2    0,4   11,3  01:20    188
 22    4,1    6,6  21:29    2,6  00:47   14,2    0,0   15,4    1,7   24,1  18:08    321
 23    4,8    5,8  12:37    3,1  07:25   13,6    0,0    0,2    0,5    9,7  12:18      0
 24    2,9    5,6  11:03    0,5  22:40   15,5    0,0    0,2    0,5   11,3  09:17    236
 25    1,4    3,3  15:28   -0,6  05:02   16,9    0,0    0,0    0,2    8,0  00:24    225
 26    2,0    6,6  14:54   -0,2  06:27   16,3    0,0    0,2    0,2    8,0  21:02    225
 27    2,3    8,7  13:56   -0,9  02:10   16,1    0,0    0,2    0,4    8,0  10:01    225
 28    3,0    6,6  14:03    0,2  02:23   15,3    0,0    0,0    0,1    8,0  15:24    225
 29    3,2    4,7  14:24    2,3  06:08   15,1    0,0    0,0    0,4   11,3  14:46    205
 30    3,3    4,5  12:56    2,3  07:38   15,0    0,0    0,4    0,4    9,7  00:35     90
---------------------------------------------------------------------------------------
       7,2   22,7     01   -0,9     27  335,2    0,0   69,4    0,8   56,3     04    209
    
Tropske noči (Tmin >= 20): 0
Vroči dnevi (Tmax >= 30): 0
Topli dnevi (Tmax >= 25): 0
Hladni dnevi (Tmin < 0): 3
Ledeni dnevi (Tmax < 0): 0