Vremenska postaja Trnje pri Škofji Loki

 

46.0659 N| 13.5588 E| 812 m | Prikaži na zemljevidu

 

Vreme na kratko
7,6°C 63% 1021,8 mbar 6 km/h 8 km/h 0,0 mm
1,1°C/h -5%/h -1,4 mbar/h SW (225°) SW (225°) 0,0 mm/h

03. 02. 2023 14:25:00 CET

Vremenska statistika za 12-2022

Vremenska postaja:Vantage Pro2
Programska oprema:weewx v4.4.0
WeeWX aktiven:2 days, 9 hours, 25 minutes
Strežnik aktiven:228 days, 19 hours, 3 minutes
                   MONTHLY CLIMATOLOGICAL SUMMARY for dec 2022


NAME: Trnje pri Škofji Loki                  
ELEV: 395 m    LAT: 46-03.96 N    LONG: 013-33.49 E


                   TEMPERATURE (°C), RAIN (mm), WIND SPEED (km/h)

                                         HEAT   COOL         AVG
      MEAN                               DEG    DEG          WIND                   DOM
DAY   TEMP   HIGH   TIME    LOW   TIME   DAYS   DAYS   RAIN  SPEED   HIGH   TIME    DIR
---------------------------------------------------------------------------------------
 01    3,0    3,9  13:18    2,4  23:35   15,3    0,0    4,4    0,1    8,0  15:40     90
 02    2,0    3,2  15:15    0,7  04:51   16,3    0,0    8,4    0,0    6,4  16:20     90
 03    2,8    3,2  14:21    2,3  06:40   15,6    0,0    3,2    0,0    6,4  03:55     90
 04    3,2    3,8  13:03    2,8  03:12   15,1    0,0    5,6    0,2    9,7  20:48    107
 05    4,2    5,9  20:44    3,0  00:00   14,1    0,0   18,2    0,3   29,0  20:30    131
 06    5,1    8,0  12:14    2,8  07:27   13,3    0,0    0,2    0,5   11,3  10:25    263
 07    4,1    8,6  14:15    1,8  08:38   14,3    0,0    0,4    0,2    6,4  12:41    270
 08    3,2    4,9  13:54    1,4  23:39   15,1    0,0    1,0    0,0    4,8  19:05    270
 09    3,1    4,4  22:13    1,3  00:26   15,3    0,0   33,8    0,2    8,0  14:17    270
 10    3,6    5,3  09:50    0,7  21:47   14,8    0,0    4,4    0,2    9,7  10:18    270
 11    0,7    2,1  10:35   -0,8  23:57   17,6    0,0    2,6    0,1    9,7  13:22    270
 12   -2,3    0,8  12:53   -5,0  20:32   20,6    0,0    1,6    0,0    3,2  10:27    N/A
 13   -3,7   -1,6  11:57   -6,4  08:35   22,0    0,0    0,2    0,0    1,6  11:47    N/A
 14   -1,7    0,7  13:49   -3,8  23:27   20,0    0,0    0,2    0,0    6,4  22:43    270
 15   -1,2    1,4  23:29   -4,6  06:22   19,6    0,0    0,2    0,3   12,9  22:40    248
 16    2,6    3,8  22:02    1,1  00:01   15,7    0,0   17,4    0,1   11,3  00:12    160
 17    1,4    3,4  00:00    0,6  04:14   17,0    0,0    8,2    0,0    9,7  00:00    158
 18    0,8    2,8  12:11    0,0  23:02   17,5    0,0    0,8    0,5   16,1  23:04    154
 19    0,3    1,6  12:32   -0,4  05:09   18,0    0,0    0,2    0,1    8,0  00:14    135
 20    0,5    2,3  15:32   -1,0  08:05   17,9    0,0    0,0    0,1    8,0  03:49    135
 21    2,3    5,3  15:14   -0,4  05:07   16,1    0,0    0,0    0,3   11,3  02:41    135
 22    4,4    8,5  14:54    1,9  06:52   14,0    0,0    0,0    1,6   14,5  02:32    156
 23    7,1   10,7  14:01    4,7  00:01   11,2    0,0    0,0    2,3   24,1  16:46    193
 24    7,0   11,0  13:53    4,3  06:21   11,3    0,0    0,0    0,6   12,9  06:46    268
 25    7,8   11,2  18:14    4,9  00:16   10,6    0,0    0,0    1,6   25,7  18:27    198
 26    8,7   12,4  17:27    3,8  07:58    9,6    0,0    0,0    4,9   38,6  14:53    233
 27    8,0   11,5  12:17    4,4  08:10   10,3    0,0    0,2    1,1   16,1  16:05    338
 28    4,4    7,5  13:58    1,6  07:13   13,9    0,0    0,2    0,2    9,7  08:34    158
 29    6,0   10,7  15:42    1,8  07:56   12,3    0,0    0,0    2,0   33,8  16:31    186
 30    8,4   11,9  23:08    6,7  06:14    9,9    0,0    2,6    1,2   30,6  23:01    312
 31    9,7   15,0  13:50    5,4  08:10    8,7    0,0    0,0    3,7   30,6  16:05    223
---------------------------------------------------------------------------------------
       3,4   15,0     31   -6,4     13  463,1    0,0  114,0    0,7   38,6     26    209
    
Tropske noči (Tmin >= 20): 0
Vroči dnevi (Tmax >= 30): 0
Topli dnevi (Tmax >= 25): 0
Hladni dnevi (Tmin < 0): 8
Ledeni dnevi (Tmax < 0): 1