Vremenska postaja Trnje pri Škofji Loki

 

46.0659 N| 13.5588 E| 812 m | Prikaži na zemljevidu

 

Vreme na kratko
6,8°C 67% 1023,1 mbar 3 km/h 8 km/h 0,0 mm
0,1°C/h -1%/h -1,1 mbar/h SW (225°) SW (225°) 0,0 mm/h

03. 02. 2023 13:40:00 CET

Vremenska statistika za 2022

Vremenska postaja:Vantage Pro2
Programska oprema:weewx v4.4.0
WeeWX aktiven:2 days, 8 hours, 40 minutes
Strežnik aktiven:228 days, 18 hours, 18 minutes
                     CLIMATOLOGICAL SUMMARY for year 2022


NAME: Trnje pri Škofji Loki                  
ELEV: 395 m    LAT: 46-03.96 N    LONG: 013-33.49 E


                                       TEMPERATURE (°C)

                              HEAT    COOL                             Tropske Vroci  Topli  Hladni  Ledeni
          MEAN   MEAN         DEG     DEG                                >=     >=     >=      <       < 
 YR  MO   MAX    MIN    MEAN  DAYS    DAYS      HI  DAY     LOW  DAY     20     30     25      0       0
---------------------------------------------------------------------------------------------------------
2022 01    5,8   -3,0    0,6  528,9    0,0    11,9   30    -7,7   13      0      0      0     27      1
2022 02    9,9   -0,5    4,2  394,4    0,0    15,1   23    -4,7   14      0      0      0     19      0
2022 03   12,8   -0,8    5,9  386,5    0,0    23,3   24    -6,4   13      0      0      0     19      0
2022 04   15,6    4,0    9,6  262,4    0,0    25,1   14    -0,7   10      0      0      1      1      0
2022 05   23,6   11,3   17,0   65,3   24,4    29,8   21     6,8   30      0      0     16      0      0
2022 06   28,9   15,3   21,9    1,8  109,2    33,7   27    11,5   01      0     12     27      0      0
2022 07   30,4   15,7   22,8    0,0  139,0    36,8   23    10,2   09      0     16     30      0      0
2022 08   29,1   16,0   22,1    2,6  118,3    36,7   05    11,5   14      0     13     28      0      0
2022 09   20,7   10,5   15,1  109,8   13,7    29,9   06     3,4   23      0      0      7      0      0
2022 10   20,2    9,2   13,6  146,0    0,0    23,2   30     6,8   04      0      0      0      0      0
2022 11   10,7    4,2    7,2  335,2    0,0    22,7   01    -0,9   27      0      0      0      3      0
2022 12    5,9    1,2    3,4  463,1    0,0    15,0   31    -6,4   13      0      0      0      9      1
------------------------------------------------------------------------------------------------
          17,9    7,0   12,1 2696,0  404,6    36,8  jul    -7,7  jan      0     41    109     78      2


                  PRECIPITATION (mm)

                  MAX         ---DAYS OF RAIN---
                  OBS.               OVER
 YR  MO  TOTAL    DAY  DATE   0.20   2.00  20.00
------------------------------------------------
2022 01   24,0   14,6    05      4      2      0
2022 02   41,4   18,2    15      5      4      0
2022 03   24,8   22,2    31      3      1      1
2022 04   64,6   15,4    02      9      7      0
2022 05   50,8   12,4    01     14      8      0
2022 06   58,2   11,2    25     14      7      0
2022 07   39,4   11,0    07     10      6      0
2022 08   47,6   15,6    27     10      5      0
2022 09  239,4   43,6    15     17     13      5
2022 10   74,0   41,8    22      7      3      1
2022 11   69,4   15,4    22     13      6      0
2022 12  114,0   33,8    09     15     11      1
------------------------------------------------
         847,6   43,6   sep    121     73      8


           WIND SPEED (km/h)

                                DOM
 YR  MO    AVG     HI   DATE    DIR
-----------------------------------
2022 01    1,0   45,1     05    175 
2022 02    2,9   57,9     17    218 
2022 03    3,0   48,3     19    163 
2022 04    3,2   62,8     09    178 
2022 05    2,2   45,1     01    166 
2022 06    2,8   49,9     21    157 
2022 07    2,1   38,6     23    139 
2022 08    1,9   69,2     18    141 
2022 09    1,5   38,6     10    174 
2022 10    0,8   41,8     21    172 
2022 11    0,8   56,3     04    209 
2022 12    0,7   38,6     26    209 
-----------------------------------
           1,9   69,2    avg    168