Vremenska postaja Trnje pri Škofji Loki

 

46.0659 N| 13.5588 E| 812 m | Prikaži na zemljevidu

 

Vreme na kratko
7,2°C 66% 1022,8 mbar 2 km/h 5 km/h 0,0 mm
0,7°C/h -3%/h -1,3 mbar/h SW (225°) SW (225°) 0,0 mm/h

03. 02. 2023 13:50:00 CET

Vremenska statistika za 01-2023

Vremenska postaja:Vantage Pro2
Programska oprema:weewx v4.4.0
WeeWX aktiven:2 days, 8 hours, 50 minutes
Strežnik aktiven:228 days, 18 hours, 28 minutes
                   MONTHLY CLIMATOLOGICAL SUMMARY for jan 2023


NAME: Trnje pri Škofji Loki                  
ELEV: 395 m    LAT: 46-03.96 N    LONG: 013-33.49 E


                   TEMPERATURE (°C), RAIN (mm), WIND SPEED (km/h)

                                         HEAT   COOL         AVG
      MEAN                               DEG    DEG          WIND                   DOM
DAY   TEMP   HIGH   TIME    LOW   TIME   DAYS   DAYS   RAIN  SPEED   HIGH   TIME    DIR
---------------------------------------------------------------------------------------
 01    9,0   15,2  12:41    5,6  23:58    9,3    0,0    0,0    3,0   37,0  12:15    189
 02    9,9   12,4  09:53    4,7  01:26    8,4    0,0    0,2    7,5   43,5  08:14    206
 03    6,8    8,3  00:53    4,2  07:58   11,6    0,0    1,0    0,1    8,0  00:43    248
 04    7,2    9,3  15:03    4,1  22:57   11,1    0,0    0,2    0,1    6,4  17:50    248
 05    5,9    9,1  15:48    3,8  01:51   12,5    0,0    0,2    0,9   11,3  05:49    264
 06    3,3    5,9  11:17    0,8  08:19   15,0    0,0    0,2    0,8    9,7  03:39    236
 07    5,4    9,1  16:49    0,5  01:21   12,9    0,0    0,2    4,5   37,0  18:28    221
 08    6,2   10,2  13:41    1,5  05:28   12,1    0,0    5,8    2,7   35,4  11:56    207
 09    7,1    8,3  12:49    4,3  23:57   11,2    0,0   24,6    2,4   29,0  17:03    317
 10    6,6   12,0  12:46    2,2  08:34   11,7    0,0    0,2    4,4   38,6  14:19    331
 11    1,9    6,7  13:48   -1,6  04:09   16,5    0,0    0,0    0,8   14,5  10:21    143
 12    3,7    8,9  14:08    1,1  07:34   14,6    0,0    0,0    0,6   12,9  00:48     50
 13    3,0    5,8  15:02    0,6  08:13   15,3    0,0    0,0    0,7   12,9  13:58    322
 14    4,5   10,6  14:29    0,9  07:49   13,8    0,0    0,2    1,3   14,5  10:12    296
 15    3,8    7,1  15:10   -0,1  06:50   14,5    0,0   15,4    0,8   14,5  00:00    241
 16    1,1    5,6  00:01    0,5  20:05   17,2    0,0   25,6    0,4   19,3  00:20    296
 17    0,6    1,3  10:57   -0,6  07:28   17,8    0,0    5,0    0,0    1,6  12:05    N/A
 18    1,2    2,0  12:46    0,6  00:01   17,2    0,0   12,4    0,3    8,0  21:19    292
 19    1,2    2,5  12:59    0,7  05:29   17,1    0,0   10,6    1,4   20,9  09:03    310
 20   -0,1    1,1  14:32   -3,8  23:56   18,5    0,0    3,8    1,5   24,1  20:52     80
 21   -1,6    2,7  13:00   -6,1  05:41   19,9    0,0    3,2    0,7    8,0  15:26     35
 22   -0,1    1,8  14:21   -1,9  07:58   18,5    0,0    1,6    0,5    8,0  00:32     67
 23    1,3    3,4  13:31   -0,2  02:10   17,1    0,0   20,2    0,5    9,7  06:58     25
 24    1,6    3,2  12:24    0,3  06:23   16,7    0,0    7,2    0,1    6,4  22:20      0
 25    1,8    3,1  12:37    0,4  08:20   16,5    0,0    3,4    0,9    9,7  09:05      0
 26    0,9    1,5  14:19    0,1  23:14   17,4    0,0    0,2    1,6   12,9  00:50      7
 27    0,5    4,0  13:59   -1,3  23:39   17,9    0,0    0,2    2,0   17,7  11:35     62
 28   -1,2    0,7  14:09   -2,9  05:02   19,5    0,0    0,4    0,1    8,0  14:23    112
 29    0,2    2,4  13:43   -1,2  00:34   18,2    0,0    0,0    0,3   12,9  14:04    113
 30   -0,4    5,2  23:19   -4,3  07:39   18,7    0,0    0,0    1,3   19,3  22:58    109
 31    3,2    8,6  14:26   -1,7  23:09   15,1    0,0    0,0    5,3   27,4  13:57    211
---------------------------------------------------------------------------------------
       3,0   15,2     01   -6,1     21  473,8    0,0  142,0    1,5   43,5     02    238
    
Tropske noči (Tmin >= 20): 0
Vroči dnevi (Tmax >= 30): 0
Topli dnevi (Tmax >= 25): 0
Hladni dnevi (Tmin < 0): 12
Ledeni dnevi (Tmax < 0): 0