Vremenska postaja Trnje pri Škofji Loki

 

46.0659 N| 13.5588 E| 812 m | Prikaži na zemljevidu

 

Vreme na kratko
4,2°C 85% 1026,4 mbar 0 km/h 0 km/h 0,2 mm
-1,6°C/h 1%/h 0,3 mbar/h N/A ( N/A) N/A ( N/A) 0,0 mm/h

20. 02. 2024 23:55:00 CET

Vremenska statistika za 2023

Vremenska postaja:Vantage Pro2
Programska oprema:weewx v4.4.0
WeeWX aktiven:4 days, 18 hours, 55 minutes
Strežnik aktiven:611 days, 4 hours, 33 minutes
                     CLIMATOLOGICAL SUMMARY for year 2023


NAME: Trnje pri Škofji Loki                  
ELEV: 395 m    LAT: 46-03.96 N    LONG: 013-33.49 E


                                       TEMPERATURE (°C)

                              HEAT    COOL                             Tropske Vroci  Topli  Hladni  Ledeni
          MEAN   MEAN         DEG     DEG                                >=     >=     >=      <       < 
 YR  MO   MAX    MIN    MEAN  DAYS    DAYS      HI  DAY     LOW  DAY     20     30     25      0       0
---------------------------------------------------------------------------------------------------------
2023 01    6,1    0,4    3,0  473,8    0,0    15,2   01    -6,1   21      0      0      0     13      0
2023 02    8,1   -2,0    2,7  440,4    0,0    14,8   22    -8,0   10      0      0      0     20      0
2023 03   13,1    2,6    7,5  335,0    0,0    20,8   22    -1,9   17      0      0      0      8      0
2023 04   15,5    4,1    9,4  266,6    0,0    22,8   29    -3,1   06      0      0      0      4      0
2023 05   20,1   10,4   15,1  106,3    5,7    28,3   23     6,4   04      0      0      9      0      0
2023 06   26,3   14,1   19,9    7,6   53,4    32,3   23    10,1   17      0      4     21      0      0
2023 07   27,7   15,8   21,4    3,1   97,5    33,5   17     9,6   27      0      7     23      0      0
2023 08   27,0   15,4   20,6   19,6   90,5    34,3   25     9,2   08      0      9     19      0      0
2023 09   25,1   12,8   18,2   21,5   17,0    29,3   11     8,4   25      0      0     17      0      0
2023 10   19,6   10,0   14,2  129,3    0,6    25,9   08     0,7   17      0      0      2      0      0
2023 11   11,1    2,4    6,2  364,4    0,0    18,2   15    -3,4   27      0      0      0     10      0
2023 12    7,9    0,4    3,7  452,1    0,0    16,3   01    -3,7   04      0      0      0     12      1
------------------------------------------------------------------------------------------------
          17,3    7,3   11,9 2619,6  264,7    34,3  avg    -8,0  feb      0     20     91     67      1


                  PRECIPITATION (mm)

                  MAX         ---DAYS OF RAIN---
                  OBS.               OVER
 YR  MO  TOTAL    DAY  DATE   0.20   2.00  20.00
------------------------------------------------
2023 01  142,0   25,6    16     15     12      3
2023 02   14,2    8,0    25      5      1      0
2023 03   77,0   19,6    26     11      8      0
2023 04   93,0   54,6    13     10      7      1
2023 05  104,8   24,2    11     14      9      1
2023 06   71,8   19,6    05     10      8      0
2023 07  107,6   32,4    25     10      6      2
2023 08  283,8  148,4    04     12      7      4
2023 09   48,6   13,6    22      7      7      0
2023 10  250,2   84,6    27     15     12      5
2023 11  133,6   40,4    05     13     10      2
2023 12  100,4   42,2    13     10      4      2
------------------------------------------------
        1427,0  148,4   avg    132     91     20


           WIND SPEED (km/h)

                                DOM
 YR  MO    AVG     HI   DATE    DIR
-----------------------------------
2023 01    1,5   43,5     02    238 
2023 02    2,1   43,5     04    178 
2023 03    2,9   45,1     28    209 
2023 04    2,4   33,8     02    147 
2023 05    1,7   37,0     21    118 
2023 06    2,1   41,8     23    157 
2023 07    1,8   74,0     18    187 
2023 08    0,9   41,8     03    147 
2023 09    1,2   43,5     18    145 
2023 10    1,5   49,9     20    194 
2023 11    1,6   45,1     05    215 
2023 12    1,9   46,7     01    214 
-----------------------------------
           1,8   74,0    jul    179